CRAN Package Check Results for Package qbld

Last updated on 2021-06-16 21:51:52 CEST.

Flavor Version Tinstall Tcheck Ttotal Status Flags
r-devel-linux-x86_64-debian-clang 1.0.1 194.99 53.07 248.06 OK
r-devel-linux-x86_64-debian-gcc 1.0.1 121.21 38.61 159.82 OK
r-devel-linux-x86_64-fedora-clang 1.0.1 356.95 NOTE
r-devel-linux-x86_64-fedora-gcc 1.0.1 319.98 OK
r-devel-windows-x86_64 1.0.1 232.00 66.00 298.00 OK
r-devel-windows-x86_64-gcc10-UCRT 1.0.1 OK
r-patched-linux-x86_64 1.0.1 155.56 49.33 204.89 OK
r-patched-solaris-x86 1.0.1 272.60 OK
r-release-linux-x86_64 1.0.1 148.58 48.45 197.03 OK
r-release-macos-arm64 1.0.1 NOTE
r-release-macos-x86_64 1.0.1 NOTE
r-release-windows-ix86+x86_64 1.0.1 442.00 99.00 541.00 OK
r-oldrel-macos-x86_64 1.0.1 NOTE
r-oldrel-windows-ix86+x86_64 1.0.1 340.00 97.00 437.00 OK

Check Details

Version: 1.0.1
Check: installed package size
Result: NOTE
     installed size is 6.6Mb
     sub-directories of 1Mb or more:
     libs 6.1Mb
Flavors: r-devel-linux-x86_64-fedora-clang, r-release-macos-arm64, r-release-macos-x86_64, r-oldrel-macos-x86_64