CRAN Package Check Results for Package qat

Last updated on 2021-09-21 16:51:42 CEST.

Flavor Version Tinstall Tcheck Ttotal Status Flags
r-devel-linux-x86_64-debian-clang 0.74 15.17 201.38 216.55 NOTE
r-devel-linux-x86_64-debian-gcc 0.74 12.93 145.48 158.41 NOTE
r-devel-linux-x86_64-fedora-clang 0.74 256.43 NOTE
r-devel-linux-x86_64-fedora-gcc 0.74 244.93 NOTE
r-devel-windows-x86_64 0.74 20.00 177.00 197.00 OK
r-devel-windows-x86_64-gcc10-UCRT 0.74 ERROR
r-patched-linux-x86_64 0.74 16.27 189.42 205.69 NOTE
r-patched-solaris-x86 0.74 310.30 NOTE
r-release-linux-x86_64 0.74 14.09 187.27 201.36 NOTE
r-release-macos-arm64 0.74 OK
r-release-macos-x86_64 0.74 OK
r-release-windows-ix86+x86_64 0.74 34.00 183.00 217.00 OK
r-oldrel-macos-x86_64 0.74 OK
r-oldrel-windows-ix86+x86_64 0.74 34.00 179.00 213.00 OK

Check Details

Version: 0.74
Check: for non-standard things in the check directory
Result: NOTE
    Found the following files/directories:
     'exampleplot_1_blockdist_1.png' 'exampleplot_1_blockdist_2.png'
     'exampleplot_1_blockdist_3.png' 'exampleplot_1_bootdist.png'
     'exampleplot_1_dist.png' 'exampleplot_1_histogramtest_EMD.png'
     'exampleplot_1_roc_dynamic.png' 'exampleplot_1_slidedist_1.png'
     'exampleplot_1_slidedist_2.png' 'exampleplot_1_slidedist_3.png'
     'exampleplot_1_trimmeddist.png' 'exampleplot_blockdist_1.png'
     'exampleplot_blockdist_2.png' 'exampleplot_blockdist_3.png'
     'exampleplot_bootdist.png' 'exampleplot_dist.png'
     'exampleplot_lim_dyn.png' 'exampleplot_lim_sig.png'
     'exampleplot_lim_sta.png' 'exampleplot_noc.png'
     'exampleplot_roc_dyn.png' 'exampleplot_roc_sta.png'
     'exampleplot_slidedist_1.png' 'exampleplot_slidedist_2.png'
     'exampleplot_slidedist_3.png' 'exampleplot_trimmeddist.png'
     'myworkflow_result.xml' 'test_2_roc_dynamic.png' 'test_4_dist.png'
     'test_5_blockdist_1.png' 'test_5_blockdist_2.png'
     'test_5_blockdist_3.png' 'test_6_slidedist_1.png'
     'test_6_slidedist_2.png' 'test_6_slidedist_3.png'
     'test_7_trimmeddist.png' 'test_8_bootdist.png' 'test_emd_1d.png'
     'test_emd_2d.png' 'test_jsd_1d.png' 'test_jsd_2d.png'
     'test_kld_1d.png' 'test_kld_2d.png' 'test_ms_1d.png' 'test_ms_2d.png'
     'test_rms_1d.png' 'test_rms_2d.png'
Flavors: r-devel-linux-x86_64-debian-clang, r-devel-linux-x86_64-debian-gcc, r-devel-linux-x86_64-fedora-clang, r-devel-linux-x86_64-fedora-gcc, r-patched-linux-x86_64, r-patched-solaris-x86, r-release-linux-x86_64

Version: 0.74
Check: package dependencies
Result: ERROR
    Package required but not available: 'XML'
    
    See section 'The DESCRIPTION file' in the 'Writing R Extensions'
    manual.
Flavor: r-devel-windows-x86_64-gcc10-UCRT