CRAN Package Check Results for Package qad

Last updated on 2021-09-26 16:49:24 CEST.

Flavor Version Tinstall Tcheck Ttotal Status Flags
r-devel-linux-x86_64-debian-clang 1.0.0 28.10 124.13 152.23 NOTE
r-devel-linux-x86_64-debian-gcc 1.0.0 20.84 93.19 114.03 NOTE
r-devel-linux-x86_64-fedora-clang 1.0.0 196.85 NOTE
r-devel-linux-x86_64-fedora-gcc 1.0.0 176.54 NOTE
r-devel-windows-x86_64 1.0.0 32.00 119.00 151.00 NOTE
r-devel-windows-x86_64-gcc10-UCRT 1.0.0 NOTE
r-patched-linux-x86_64 1.0.0 24.84 117.90 142.74 NOTE
r-patched-solaris-x86 1.0.0 241.30 NOTE
r-release-linux-x86_64 1.0.0 25.68 116.36 142.04 NOTE
r-release-macos-arm64 1.0.0 NOTE
r-release-macos-x86_64 1.0.0 NOTE
r-release-windows-ix86+x86_64 1.0.0 70.00 162.00 232.00 NOTE
r-oldrel-macos-x86_64 1.0.0 OK
r-oldrel-windows-ix86+x86_64 1.0.0 48.00 151.00 199.00 OK

Check Details

Version: 1.0.0
Check: LazyData
Result: NOTE
     'LazyData' is specified without a 'data' directory
Flavors: r-devel-linux-x86_64-debian-clang, r-devel-linux-x86_64-debian-gcc, r-devel-linux-x86_64-fedora-clang, r-devel-linux-x86_64-fedora-gcc, r-devel-windows-x86_64, r-devel-windows-x86_64-gcc10-UCRT, r-patched-linux-x86_64, r-patched-solaris-x86, r-release-linux-x86_64, r-release-macos-arm64, r-release-macos-x86_64, r-release-windows-ix86+x86_64