CRAN Package Check Results for Package pxR

Last updated on 2021-07-25 07:50:13 CEST.

Flavor Version Tinstall Tcheck Ttotal Status Flags
r-devel-linux-x86_64-debian-clang 0.42.4 3.63 31.93 35.56 NOTE
r-devel-linux-x86_64-debian-gcc 0.42.4 2.72 25.82 28.54 NOTE
r-devel-linux-x86_64-fedora-clang 0.42.4 52.27 NOTE
r-devel-linux-x86_64-fedora-gcc 0.42.4 41.84 NOTE
r-devel-windows-x86_64 0.42.4 5.00 40.00 45.00 NOTE
r-devel-windows-x86_64-gcc10-UCRT 0.42.4 NOTE
r-patched-linux-x86_64 0.42.4 3.62 30.83 34.45 NOTE
r-patched-solaris-x86 0.42.4 64.60 NOTE
r-release-linux-x86_64 0.42.4 3.28 31.51 34.79 NOTE
r-release-macos-arm64 0.42.4 NOTE
r-release-macos-x86_64 0.42.4 NOTE
r-release-windows-ix86+x86_64 0.42.4 8.00 39.00 47.00 NOTE
r-oldrel-macos-x86_64 0.42.4 OK
r-oldrel-windows-ix86+x86_64 0.42.4 10.00 40.00 50.00 OK

Check Details

Version: 0.42.4
Check: LazyData
Result: NOTE
     'LazyData' is specified without a 'data' directory
Flavors: r-devel-linux-x86_64-debian-clang, r-devel-linux-x86_64-debian-gcc, r-devel-linux-x86_64-fedora-clang, r-devel-linux-x86_64-fedora-gcc, r-devel-windows-x86_64, r-devel-windows-x86_64-gcc10-UCRT, r-patched-linux-x86_64, r-patched-solaris-x86, r-release-linux-x86_64, r-release-macos-arm64, r-release-macos-x86_64, r-release-windows-ix86+x86_64