CRAN Package Check Results for Package pvaluefunctions

Last updated on 2021-06-18 21:53:27 CEST.

Flavor Version Tinstall Tcheck Ttotal Status Flags
r-devel-linux-x86_64-debian-clang 1.6.1 6.70 83.28 89.98 NOTE
r-devel-linux-x86_64-debian-gcc 1.6.1 5.19 58.56 63.75 NOTE
r-devel-linux-x86_64-fedora-clang 1.6.1 115.81 NOTE
r-devel-linux-x86_64-fedora-gcc 1.6.1 102.47 NOTE
r-devel-windows-x86_64 1.6.1 12.00 97.00 109.00 NOTE
r-devel-windows-x86_64-gcc10-UCRT 1.6.1 NOTE
r-patched-linux-x86_64 1.6.1 5.74 74.79 80.53 NOTE
r-patched-solaris-x86 1.6.1 146.60 NOTE
r-release-linux-x86_64 1.6.1 7.30 77.04 84.34 NOTE
r-release-macos-arm64 1.6.1 NOTE
r-release-macos-x86_64 1.6.1 NOTE
r-release-windows-ix86+x86_64 1.6.1 17.00 102.00 119.00 NOTE
r-oldrel-macos-x86_64 1.6.1 OK
r-oldrel-windows-ix86+x86_64 1.6.1 12.00 104.00 116.00 OK

Check Details

Version: 1.6.1
Check: LazyData
Result: NOTE
     'LazyData' is specified without a 'data' directory
Flavors: r-devel-linux-x86_64-debian-clang, r-devel-linux-x86_64-debian-gcc, r-devel-linux-x86_64-fedora-clang, r-devel-linux-x86_64-fedora-gcc, r-devel-windows-x86_64, r-devel-windows-x86_64-gcc10-UCRT, r-patched-linux-x86_64, r-patched-solaris-x86, r-release-linux-x86_64, r-release-macos-arm64, r-release-macos-x86_64, r-release-windows-ix86+x86_64