CRAN Package Check Results for Package pubmedR

Last updated on 2021-09-18 05:02:41 CEST.

Flavor Version Tinstall Tcheck Ttotal Status Flags
r-devel-linux-x86_64-debian-clang 0.0.3 3.15 33.42 36.57 NOTE
r-devel-linux-x86_64-debian-gcc 0.0.3 2.54 25.51 28.05 NOTE
r-devel-linux-x86_64-fedora-clang 0.0.3 52.39 NOTE
r-devel-linux-x86_64-fedora-gcc 0.0.3 41.20 NOTE
r-devel-windows-x86_64 0.0.3 5.00 52.00 57.00 NOTE
r-devel-windows-x86_64-gcc10-UCRT 0.0.3 NOTE
r-patched-linux-x86_64 0.0.3 3.10 31.86 34.96 NOTE
r-patched-solaris-x86 0.0.3 66.10 NOTE
r-release-linux-x86_64 0.0.3 2.31 32.02 34.33 NOTE
r-release-macos-arm64 0.0.3 NOTE
r-release-macos-x86_64 0.0.3 NOTE
r-release-windows-ix86+x86_64 0.0.3 7.00 39.00 46.00 NOTE
r-oldrel-macos-x86_64 0.0.3 OK
r-oldrel-windows-ix86+x86_64 0.0.3 8.00 36.00 44.00 OK

Check Details

Version: 0.0.3
Check: LazyData
Result: NOTE
     'LazyData' is specified without a 'data' directory
Flavors: r-devel-linux-x86_64-debian-clang, r-devel-linux-x86_64-debian-gcc, r-devel-linux-x86_64-fedora-clang, r-devel-linux-x86_64-fedora-gcc, r-devel-windows-x86_64, r-devel-windows-x86_64-gcc10-UCRT, r-patched-linux-x86_64, r-patched-solaris-x86, r-release-linux-x86_64, r-release-macos-arm64, r-release-macos-x86_64, r-release-windows-ix86+x86_64