CRAN Package Check Results for Package ptmixed

Last updated on 2021-08-01 19:51:40 CEST.

Flavor Version Tinstall Tcheck Ttotal Status Flags
r-devel-linux-x86_64-debian-clang 1.0.3 3.73 340.52 344.25 OK
r-devel-linux-x86_64-debian-gcc 1.0.3 2.80 245.09 247.89 OK
r-devel-linux-x86_64-fedora-clang 1.0.3 394.36 OK
r-devel-linux-x86_64-fedora-gcc 1.0.3 380.14 OK
r-devel-windows-x86_64 1.0.3 9.00 390.00 399.00 OK
r-devel-windows-x86_64-gcc10-UCRT 1.0.3 OK
r-patched-linux-x86_64 1.0.3 OK
r-patched-solaris-x86 1.0.3 411.70 OK
r-release-linux-x86_64 1.0.3 3.41 320.96 324.37 OK
r-release-macos-arm64 1.0.3 ERROR
r-release-macos-x86_64 1.0.3 ERROR
r-release-windows-ix86+x86_64 1.0.3 9.00 390.00 399.00 OK
r-oldrel-macos-x86_64 1.0.3 ERROR
r-oldrel-windows-ix86+x86_64 1.0.3 9.00 420.00 429.00 OK

Check Details

Version: 1.0.3
Check: package dependencies
Result: ERROR
    Package required but not available: ‘tweeDEseq’
    
    See section ‘The DESCRIPTION file’ in the ‘Writing R Extensions’
    manual.
Flavors: r-release-macos-arm64, r-release-macos-x86_64, r-oldrel-macos-x86_64