CRAN Package Check Results for Package ptm

Last updated on 2021-10-20 04:55:30 CEST.

Flavor Version Tinstall Tcheck Ttotal Status Flags
r-devel-linux-x86_64-debian-clang 0.2.4 22.61 195.71 218.32 OK
r-devel-linux-x86_64-debian-gcc 0.2.4 19.86 147.12 166.98 OK
r-devel-linux-x86_64-fedora-clang 0.2.4 268.78 OK
r-devel-linux-x86_64-fedora-gcc 0.2.4 254.02 OK
r-devel-windows-x86_64 0.2.4 36.00 231.00 267.00 OK
r-devel-windows-x86_64-gcc10-UCRT 0.2.4 OK
r-patched-linux-x86_64 0.2.4 25.36 188.60 213.96 OK
r-patched-solaris-x86 0.2.4 362.20 OK
r-release-linux-x86_64 0.2.4 21.73 186.69 208.42 OK
r-release-macos-arm64 0.2.4 ERROR
r-release-macos-x86_64 0.2.4 ERROR
r-release-windows-ix86+x86_64 0.2.4 34.00 257.00 291.00 OK
r-oldrel-macos-x86_64 0.2.4 ERROR
r-oldrel-windows-ix86+x86_64 0.2.4 45.00 254.00 299.00 OK

Check Details

Version: 0.2.4
Check: package dependencies
Result: ERROR
    Package required but not available: ‘muscle’
    
    See section ‘The DESCRIPTION file’ in the ‘Writing R Extensions’
    manual.
Flavors: r-release-macos-arm64, r-release-macos-x86_64

Version: 0.2.4
Check: package dependencies
Result: ERROR
    Package required but not available: ‘muscle’
    
    Package suggested but not available for checking: ‘KEGGREST’
    
    See section ‘The DESCRIPTION file’ in the ‘Writing R Extensions’
    manual.
Flavor: r-oldrel-macos-x86_64