Last updated on 2023-01-28 16:51:26 CET.
Flavor | Version | Tinstall | Tcheck | Ttotal | Status | Flags |
---|---|---|---|---|---|---|
r-devel-linux-x86_64-debian-clang | 2.2.9 | 62.71 | 387.33 | 450.04 | WARN | |
r-devel-linux-x86_64-debian-gcc | 2.2.9 | 53.50 | 279.80 | 333.30 | OK | |
r-devel-linux-x86_64-fedora-clang | 2.2.9 | 579.00 | OK | |||
r-devel-linux-x86_64-fedora-gcc | 2.2.9 | 538.23 | OK | |||
r-patched-linux-x86_64 | 2.2.9 | 66.96 | 357.88 | 424.84 | OK | |
r-release-linux-x86_64 | 2.2.9 | 51.24 | 354.54 | 405.78 | OK | |
r-release-macos-arm64 | 2.2.9 | 130.00 | OK | |||
r-release-macos-x86_64 | 2.2.9 | 171.00 | OK | |||
r-release-windows-x86_64 | 2.2.9 | 196.00 | 505.00 | 701.00 | OK | |
r-oldrel-macos-arm64 | 2.2.9 | 123.00 | OK | |||
r-oldrel-macos-x86_64 | 2.2.9 | 167.00 | OK | |||
r-oldrel-windows-ix86+x86_64 | 2.2.9 | 88.00 | 416.00 | 504.00 | OK |
Version: 2.2.9
Check: for code/documentation mismatches
Result: WARN
Error in b[[2L]] : subscript out of bounds
Calls: <Anonymous> -> vapply -> FUN
Execution halted
Flavor: r-devel-linux-x86_64-debian-clang