CRAN Package Check Results for Package psycModel

Last updated on 2021-07-30 19:50:21 CEST.

Flavor Version Tinstall Tcheck Ttotal Status Flags
r-devel-linux-x86_64-debian-clang 0.3.1 OK
r-devel-linux-x86_64-debian-gcc 0.3.1 5.90 86.05 91.95 OK
r-devel-linux-x86_64-fedora-clang 0.3.1 153.85 NOTE
r-devel-linux-x86_64-fedora-gcc 0.3.1 145.49 NOTE
r-devel-windows-x86_64 0.3.1 14.00 153.00 167.00 OK
r-devel-windows-x86_64-gcc10-UCRT 0.3.1 NOTE
r-patched-linux-x86_64 0.3.1 OK
r-patched-solaris-x86 0.3.1 194.30 NOTE
r-release-linux-x86_64 0.3.1 7.18 110.26 117.44 OK
r-release-macos-arm64 0.3.1 NOTE
r-release-macos-x86_64 0.3.1 NOTE
r-release-windows-ix86+x86_64 0.3.1 17.00 153.00 170.00 OK
r-oldrel-macos-x86_64 0.3.1 NOTE
r-oldrel-windows-ix86+x86_64 0.3.1 13.00 155.00 168.00 OK

Additional issues

donttest

Check Details

Version: 0.3.1
Check: dependencies in R code
Result: NOTE
    Namespace in Imports field not imported from: ‘lifecycle’
     All declared Imports should be used.
Flavors: r-devel-linux-x86_64-fedora-clang, r-devel-linux-x86_64-fedora-gcc, r-devel-windows-x86_64-gcc10-UCRT, r-patched-solaris-x86, r-release-macos-arm64, r-release-macos-x86_64, r-oldrel-macos-x86_64