CRAN Package Check Results for Package psr

Last updated on 2022-01-27 12:53:59 CET.

Flavor Version Tinstall Tcheck Ttotal Status Flags
r-devel-linux-x86_64-debian-clang 0.1.0 1.69 42.79 44.48 OK
r-devel-linux-x86_64-debian-gcc 0.1.0 1.60 33.26 34.86 OK
r-devel-linux-x86_64-fedora-clang 0.1.0 54.84 OK
r-devel-linux-x86_64-fedora-gcc 0.1.0 44.37 OK
r-devel-windows-x86_64-new-UL 0.1.0 15.00 67.00 82.00 OK
r-devel-windows-x86_64-new-TK 0.1.0 ERROR
r-patched-linux-x86_64 0.1.0 1.74 40.32 42.06 OK
r-release-linux-x86_64 0.1.0 1.59 39.43 41.02 OK
r-release-macos-arm64 0.1.0 OK
r-release-macos-x86_64 0.1.0 OK
r-release-windows-ix86+x86_64 0.1.0 5.00 52.00 57.00 OK
r-oldrel-macos-x86_64 0.1.0 OK
r-oldrel-windows-ix86+x86_64 0.1.0 7.00 58.00 65.00 OK

Check Details

Version: 0.1.0
Check: package dependencies
Result: NOTE
    Package suggested but not available for checking: 'lme4'
Flavor: r-devel-windows-x86_64-new-TK

Version: 0.1.0
Check: examples
Result: ERROR
    Running examples in 'psr-Ex.R' failed
    The error most likely occurred in:
    
    > ### Name: ICC_long
    > ### Title: Intra-class Correlation Coefficient (ICC) for a set of athlete
    > ### measurements, with the data in long format
    > ### Aliases: ICC_long
    >
    > ### ** Examples
    >
    > subject <- c(1, 1, 1, 2, 2, 2, 3, 3, 3)
    > trial <- c(1, 2, 3, 1, 2, 3, 1, 2, 3)
    > metric_1 <- c(250, 258, 252, 279, 270, 277, 218, 213, 218)
    > metric_2 <- c(10, 7, 10, 14, 18, 17, 11, 7, 8)
    > metric_3 <- c(1214, 1276, 1289, 1037, 1010, 1069, 1481, 1465, 1443)
    > ICC_long(subject, trial, metric_1, metric_2, metric_3)
    Error in loadNamespace(x) : there is no package called 'lme4'
    Calls: ICC_long ... loadNamespace -> withRestarts -> withOneRestart -> doWithOneRestart
    Execution halted
Flavor: r-devel-windows-x86_64-new-TK

Version: 0.1.0
Check: re-building of vignette outputs
Result: WARN
    Error(s) in re-building vignettes:
    --- re-building 'psr-explained.Rmd' using rmarkdown
    Quitting from lines 102-103 (psr-explained.Rmd)
    Error: processing vignette 'psr-explained.Rmd' failed with diagnostics:
    there is no package called 'lme4'
    --- failed re-building 'psr-explained.Rmd'
    
    SUMMARY: processing the following file failed:
     'psr-explained.Rmd'
    
    Error: Vignette re-building failed.
    Execution halted
Flavor: r-devel-windows-x86_64-new-TK