CRAN Package Check Results for Package psgp

Last updated on 2021-05-18 21:54:14 CEST.

Flavor Version Tinstall Tcheck Ttotal Status Flags
r-devel-linux-x86_64-debian-clang 0.3-19 276.37 69.65 346.02 OK
r-devel-linux-x86_64-debian-gcc 0.3-19 188.65 52.28 240.93 OK
r-devel-linux-x86_64-fedora-clang 0.3-19 505.02 NOTE
r-devel-linux-x86_64-fedora-gcc 0.3-19 446.90 OK
r-devel-windows-ix86+x86_64 0.3-19 522.00 100.00 622.00 OK
r-devel-windows-x86_64-gcc10-UCRT 0.3-19 OK
r-patched-linux-x86_64 0.3-19 228.06 65.92 293.98 OK
r-patched-solaris-x86 0.3-19 441.70 OK
r-release-linux-x86_64 0.3-19 221.02 64.10 285.12 OK
r-release-macos-x86_64 0.3-19 NOTE
r-release-windows-ix86+x86_64 0.3-19 489.00 106.00 595.00 OK
r-oldrel-macos-x86_64 0.3-19 NOTE
r-oldrel-windows-ix86+x86_64 0.3-19 435.00 120.00 555.00 OK

Check Details

Version: 0.3-19
Check: installed package size
Result: NOTE
     installed size is 7.9Mb
     sub-directories of 1Mb or more:
     libs 7.8Mb
Flavors: r-devel-linux-x86_64-fedora-clang, r-release-macos-x86_64, r-oldrel-macos-x86_64