CRAN Package Check Results for Package psfmi

Last updated on 2021-08-03 19:52:19 CEST.

Flavor Version Tinstall Tcheck Ttotal Status Flags
r-devel-linux-x86_64-debian-clang 0.7.1 23.40 698.32 721.72 OK
r-devel-linux-x86_64-debian-gcc 0.7.1 19.54 502.61 522.15 OK
r-devel-linux-x86_64-fedora-clang 0.7.1 836.42 OK
r-devel-linux-x86_64-fedora-gcc 0.7.1 821.99 OK
r-devel-windows-x86_64 0.7.1 41.00 775.00 816.00 OK
r-devel-windows-x86_64-gcc10-UCRT 0.7.1 WARN
r-patched-linux-x86_64 0.7.1 22.82 660.85 683.67 OK
r-patched-solaris-x86 0.7.1 1048.40 OK
r-release-linux-x86_64 0.7.1 21.53 654.43 675.96 OK
r-release-macos-arm64 0.7.1 WARN
r-release-macos-x86_64 0.7.1 OK
r-release-windows-ix86+x86_64 0.7.1 50.00 788.00 838.00 OK
r-oldrel-macos-x86_64 0.7.1 OK
r-oldrel-windows-ix86+x86_64 0.7.1 52.00 798.00 850.00 OK

Check Details

Version: 0.7.1
Check: re-building of vignette outputs
Result: WARN
    Error(s) in re-building vignettes:
    --- re-building 'MI_boot.Rmd' using rmarkdown
    --- finished re-building 'MI_boot.Rmd'
    
    --- re-building 'MI_cv_naive.Rmd' using rmarkdown
    --- finished re-building 'MI_cv_naive.Rmd'
    
    --- re-building 'boot_MI.Rmd' using rmarkdown
    --- finished re-building 'boot_MI.Rmd'
    
    --- re-building 'cv_MI.Rmd' using rmarkdown
    --- finished re-building 'cv_MI.Rmd'
    
    --- re-building 'cv_MI_RR.Rmd' using rmarkdown
    --- finished re-building 'cv_MI_RR.Rmd'
    
    --- re-building 'development_workflow.Rmd' using rmarkdown
    
    Attaching package: 'mice'
    
    The following object is masked from 'package:stats':
    
     filter
    
    The following objects are masked from 'package:base':
    
     cbind, rbind
    
    --- finished re-building 'development_workflow.Rmd'
    
    --- re-building 'psfmi_CoxModels.Rmd' using rmarkdown
    --- finished re-building 'psfmi_CoxModels.Rmd'
    
    --- re-building 'psfmi_LogisticModels.Rmd' using rmarkdown
    --- finished re-building 'psfmi_LogisticModels.Rmd'
    
    --- re-building 'psfmi_StabilityAnalysis.Rmd' using rmarkdown
    Quitting from lines 60-78 (psfmi_StabilityAnalysis.Rmd)
    Error: processing vignette 'psfmi_StabilityAnalysis.Rmd' failed with diagnostics:
    argument is of length zero
    --- failed re-building 'psfmi_StabilityAnalysis.Rmd'
    
    --- re-building 'psfmi_mice.Rmd' using rmarkdown
    --- finished re-building 'psfmi_mice.Rmd'
    
    SUMMARY: processing the following file failed:
     'psfmi_StabilityAnalysis.Rmd'
    
    Error: Vignette re-building failed.
    Execution halted
Flavor: r-devel-windows-x86_64-gcc10-UCRT

Version: 0.7.1
Check: re-building of vignette outputs
Result: WARN
    Error(s) in re-building vignettes:
    --- re-building ‘MI_boot.Rmd’ using rmarkdown
    Warning in engine$weave(file, quiet = quiet, encoding = enc) :
     Pandoc (>= 1.12.3) not available. Falling back to R Markdown v1.
    --- finished re-building ‘MI_boot.Rmd’
    
    --- re-building ‘MI_cv_naive.Rmd’ using rmarkdown
    Warning in engine$weave(file, quiet = quiet, encoding = enc) :
     Pandoc (>= 1.12.3) not available. Falling back to R Markdown v1.
    --- finished re-building ‘MI_cv_naive.Rmd’
    
    --- re-building ‘boot_MI.Rmd’ using rmarkdown
    Warning in engine$weave(file, quiet = quiet, encoding = enc) :
     Pandoc (>= 1.12.3) not available. Falling back to R Markdown v1.
    --- finished re-building ‘boot_MI.Rmd’
    
    --- re-building ‘cv_MI.Rmd’ using rmarkdown
    Warning in engine$weave(file, quiet = quiet, encoding = enc) :
     Pandoc (>= 1.12.3) not available. Falling back to R Markdown v1.
    --- finished re-building ‘cv_MI.Rmd’
    
    --- re-building ‘cv_MI_RR.Rmd’ using rmarkdown
    Warning in engine$weave(file, quiet = quiet, encoding = enc) :
     Pandoc (>= 1.12.3) not available. Falling back to R Markdown v1.
    --- finished re-building ‘cv_MI_RR.Rmd’
    
    --- re-building ‘development_workflow.Rmd’ using rmarkdown
    Warning in engine$weave(file, quiet = quiet, encoding = enc) :
     Pandoc (>= 1.12.3) not available. Falling back to R Markdown v1.
    
    Attaching package: 'mice'
    
    The following object is masked from 'package:stats':
    
     filter
    
    The following objects are masked from 'package:base':
    
     cbind, rbind
    
    Quitting from lines 130-140 (development_workflow.Rmd)
    Error: processing vignette 'development_workflow.Rmd' failed with diagnostics:
    polygon edge not found
    --- failed re-building ‘development_workflow.Rmd’
    
    --- re-building ‘psfmi_CoxModels.Rmd’ using rmarkdown
    Warning in engine$weave(file, quiet = quiet, encoding = enc) :
     Pandoc (>= 1.12.3) not available. Falling back to R Markdown v1.
    --- finished re-building ‘psfmi_CoxModels.Rmd’
    
    --- re-building ‘psfmi_LogisticModels.Rmd’ using rmarkdown
    Warning in engine$weave(file, quiet = quiet, encoding = enc) :
     Pandoc (>= 1.12.3) not available. Falling back to R Markdown v1.
    --- finished re-building ‘psfmi_LogisticModels.Rmd’
    
    --- re-building ‘psfmi_StabilityAnalysis.Rmd’ using rmarkdown
    Warning in engine$weave(file, quiet = quiet, encoding = enc) :
     Pandoc (>= 1.12.3) not available. Falling back to R Markdown v1.
    --- finished re-building ‘psfmi_StabilityAnalysis.Rmd’
    
    --- re-building ‘psfmi_mice.Rmd’ using rmarkdown
    Warning in engine$weave(file, quiet = quiet, encoding = enc) :
     Pandoc (>= 1.12.3) not available. Falling back to R Markdown v1.
    --- finished re-building ‘psfmi_mice.Rmd’
    
    SUMMARY: processing the following file failed:
     ‘development_workflow.Rmd’
    
    Error: Vignette re-building failed.
    Execution halted
Flavor: r-release-macos-arm64