CRAN Package Check Results for Package psData

Last updated on 2021-09-21 16:51:42 CEST.

Flavor Version Tinstall Tcheck Ttotal Status Flags
r-devel-linux-x86_64-debian-clang 0.2.2 11.47 102.02 113.49 OK
r-devel-linux-x86_64-debian-gcc 0.2.2 9.02 75.76 84.78 OK
r-devel-linux-x86_64-fedora-clang 0.2.2 146.17 OK
r-devel-linux-x86_64-fedora-gcc 0.2.2 134.45 OK
r-devel-windows-x86_64 0.2.2 13.00 81.00 94.00 OK
r-devel-windows-x86_64-gcc10-UCRT 0.2.2 ERROR
r-patched-linux-x86_64 0.2.2 17.76 97.08 114.84 OK
r-patched-solaris-x86 0.2.2 155.50 OK
r-release-linux-x86_64 0.2.2 11.14 97.87 109.01 OK
r-release-macos-arm64 0.2.2 OK
r-release-macos-x86_64 0.2.2 OK
r-release-windows-ix86+x86_64 0.2.2 26.00 79.00 105.00 OK
r-oldrel-macos-x86_64 0.2.2 OK
r-oldrel-windows-ix86+x86_64 0.2.2 25.00 82.00 107.00 OK

Check Details

Version: 0.2.2
Check: whether package can be installed
Result: WARN
    Found the following significant warnings:
     WARNING: installation-time patches will not be applied, could not get the patches index
Flavor: r-devel-windows-x86_64-gcc10-UCRT

Version: 0.2.2
Check: PDF version of manual
Result: WARN
    LaTeX errors when creating PDF version.
    This typically indicates Rd problems.
Flavor: r-devel-windows-x86_64-gcc10-UCRT

Version: 0.2.2
Check: PDF version of manual without hyperrefs or index
Result: ERROR
    Re-running with no redirection of stdout/stderr.
Flavor: r-devel-windows-x86_64-gcc10-UCRT