CRAN Package Check Results for Package proxy

Last updated on 2024-07-12 06:53:13 CEST.

Flavor Version Tinstall Tcheck Ttotal Status Flags
r-devel-linux-x86_64-debian-clang 0.4-27 6.19 40.03 46.22 NOTE
r-devel-linux-x86_64-debian-gcc 0.4-27 3.93 30.51 34.44 NOTE
r-devel-linux-x86_64-fedora-clang 0.4-27 61.01 NOTE
r-devel-linux-x86_64-fedora-gcc 0.4-27 72.67 NOTE
r-devel-windows-x86_64 0.4-27 8.00 69.00 77.00 NOTE
r-patched-linux-x86_64 0.4-27 6.26 37.65 43.91 OK
r-release-linux-x86_64 0.4-27 5.72 38.88 44.60 OK
r-release-macos-arm64 0.4-27 26.00 OK
r-release-macos-x86_64 0.4-27 45.00 OK
r-release-windows-x86_64 0.4-27 9.00 69.00 78.00 OK
r-oldrel-macos-arm64 0.4-27 32.00 OK
r-oldrel-macos-x86_64 0.4-27 45.00 OK
r-oldrel-windows-x86_64 0.4-27 10.00 67.00 77.00 OK

Check Details

Version: 0.4-27
Check: compiled code
Result: NOTE File ‘proxy/libs/proxy.so’: Found non-API call to R: ‘Rf_NonNullStringMatch’ Compiled code should not call non-API entry points in R. See ‘Writing portable packages’ in the ‘Writing R Extensions’ manual, and section ‘Moving into C API compliance’ for issues with the use of non-API entry points. Flavors: r-devel-linux-x86_64-debian-clang, r-devel-linux-x86_64-debian-gcc, r-devel-linux-x86_64-fedora-clang, r-devel-linux-x86_64-fedora-gcc

Version: 0.4-27
Check: compiled code
Result: NOTE File 'proxy/libs/x64/proxy.dll': Found non-API call to R: 'Rf_NonNullStringMatch' Compiled code should not call non-API entry points in R. See 'Writing portable packages' in the 'Writing R Extensions' manual, and section 'Moving into C API compliance' for issues with the use of non-API entry points. Flavor: r-devel-windows-x86_64