CRAN Package Check Results for Package protViz

Last updated on 2021-10-20 16:50:45 CEST.

Flavor Version Tinstall Tcheck Ttotal Status Flags
r-devel-linux-x86_64-debian-clang 0.7.0 47.03 90.78 137.81 OK
r-devel-linux-x86_64-debian-gcc 0.7.0 37.03 70.72 107.75 OK
r-devel-linux-x86_64-fedora-clang 0.7.0 209.14 NOTE
r-devel-linux-x86_64-fedora-gcc 0.7.0 186.39 OK
r-devel-windows-x86_64 0.7.0 56.00 143.00 199.00 OK
r-devel-windows-x86_64-gcc10-UCRT 0.7.0 OK
r-patched-linux-x86_64 0.7.0 47.16 92.35 139.51 OK
r-patched-solaris-x86 0.7.0 214.30 OK
r-release-linux-x86_64 0.7.0 43.63 95.49 139.12 OK
r-release-macos-arm64 0.7.0 NOTE
r-release-macos-x86_64 0.7.0 NOTE
r-release-windows-ix86+x86_64 0.7.0 98.00 176.00 274.00 NOTE
r-oldrel-macos-x86_64 0.6.8 NOTE
r-oldrel-windows-ix86+x86_64 0.6.8 128.00 140.00 268.00 NOTE

Check Details

Version: 0.7.0
Check: installed package size
Result: NOTE
     installed size is 5.9Mb
     sub-directories of 1Mb or more:
     data 2.1Mb
     libs 2.7Mb
Flavors: r-devel-linux-x86_64-fedora-clang, r-release-macos-arm64, r-release-macos-x86_64, r-release-windows-ix86+x86_64

Version: 0.7.0
Check: Rd cross-references
Result: NOTE
    Undeclared package ‘XML’ in Rd xrefs
Flavor: r-devel-linux-x86_64-fedora-clang

Version: 0.6.8
Check: installed package size
Result: NOTE
     installed size is 6.4Mb
     sub-directories of 1Mb or more:
     data 2.1Mb
     libs 3.1Mb
Flavors: r-oldrel-macos-x86_64, r-oldrel-windows-ix86+x86_64