CRAN Package Check Results for Package propr

Last updated on 2021-09-18 05:02:41 CEST.

Flavor Version Tinstall Tcheck Ttotal Status Flags
r-devel-linux-x86_64-debian-clang 4.2.6 80.43 146.66 227.09 NOTE
r-devel-linux-x86_64-debian-gcc 4.2.6 51.84 103.78 155.62 NOTE
r-devel-linux-x86_64-fedora-clang 4.2.6 300.10 NOTE
r-devel-linux-x86_64-fedora-gcc 4.2.6 280.18 NOTE
r-devel-windows-x86_64 4.2.6 79.00 202.00 281.00 OK
r-devel-windows-x86_64-gcc10-UCRT 4.2.6 NOTE
r-patched-linux-x86_64 4.2.6 67.31 143.51 210.82 NOTE
r-patched-solaris-x86 4.2.6 327.30 NOTE
r-release-linux-x86_64 4.2.6 65.23 141.96 207.19 NOTE
r-release-macos-arm64 4.2.6 NOTE
r-release-macos-x86_64 4.2.6 NOTE
r-release-windows-ix86+x86_64 4.2.6 175.00 178.00 353.00 NOTE
r-oldrel-macos-x86_64 4.2.6 NOTE
r-oldrel-windows-ix86+x86_64 4.2.6 180.00 170.00 350.00 NOTE

Check Details

Version: 4.2.6
Check: package dependencies
Result: NOTE
    Package suggested but not available for checking: 'SDMTools'
Flavors: r-devel-linux-x86_64-debian-clang, r-devel-linux-x86_64-debian-gcc, r-devel-linux-x86_64-fedora-clang, r-devel-linux-x86_64-fedora-gcc, r-devel-windows-x86_64-gcc10-UCRT, r-patched-linux-x86_64, r-patched-solaris-x86, r-release-linux-x86_64

Version: 4.2.6
Check: installed package size
Result: NOTE
     installed size is 6.2Mb
     sub-directories of 1Mb or more:
     data 1.5Mb
     doc 1.4Mb
     libs 2.7Mb
Flavors: r-devel-linux-x86_64-fedora-clang, r-release-macos-arm64, r-release-macos-x86_64, r-release-windows-ix86+x86_64, r-oldrel-macos-x86_64, r-oldrel-windows-ix86+x86_64

Version: 4.2.6
Check: dependencies in R code
Result: NOTE
    Namespace in Imports field not imported from: ‘utils’
     All declared Imports should be used.
Flavors: r-devel-linux-x86_64-fedora-clang, r-devel-linux-x86_64-fedora-gcc, r-devel-windows-x86_64-gcc10-UCRT, r-patched-solaris-x86, r-release-macos-arm64, r-release-macos-x86_64, r-oldrel-macos-x86_64

Version: 4.2.6
Check: package dependencies
Result: NOTE
    Packages suggested but not available for checking: 'ALDEx2', 'SDMTools'
Flavors: r-release-macos-arm64, r-release-macos-x86_64, r-oldrel-macos-x86_64