CRAN Package Check Results for Package proportion

Last updated on 2021-10-25 04:54:19 CEST.

Flavor Version Tinstall Tcheck Ttotal Status Flags
r-devel-linux-x86_64-debian-clang 2.0.0 39.22 235.48 274.70 NOTE
r-devel-linux-x86_64-debian-gcc 2.0.0 31.62 168.20 199.82 NOTE
r-devel-linux-x86_64-fedora-clang 2.0.0 340.48 NOTE
r-devel-linux-x86_64-fedora-gcc 2.0.0 329.16 NOTE
r-devel-windows-x86_64 2.0.0 62.00 216.00 278.00 NOTE
r-devel-windows-x86_64-gcc10-UCRT 2.0.0 NOTE
r-patched-linux-x86_64 2.0.0 47.63 224.58 272.21 NOTE
r-patched-solaris-x86 2.0.0 351.80 NOTE
r-release-linux-x86_64 2.0.0 35.87 225.77 261.64 NOTE
r-release-macos-arm64 2.0.0 NOTE
r-release-macos-x86_64 2.0.0 NOTE
r-release-windows-ix86+x86_64 2.0.0 43.00 280.00 323.00 NOTE
r-oldrel-macos-x86_64 2.0.0 OK
r-oldrel-windows-ix86+x86_64 2.0.0 68.00 271.00 339.00 OK

Check Details

Version: 2.0.0
Check: LazyData
Result: NOTE
     'LazyData' is specified without a 'data' directory
Flavors: r-devel-linux-x86_64-debian-clang, r-devel-linux-x86_64-debian-gcc, r-devel-linux-x86_64-fedora-clang, r-devel-linux-x86_64-fedora-gcc, r-devel-windows-x86_64, r-devel-windows-x86_64-gcc10-UCRT, r-patched-linux-x86_64, r-patched-solaris-x86, r-release-linux-x86_64, r-release-macos-arm64, r-release-macos-x86_64, r-release-windows-ix86+x86_64

Version: 2.0.0
Check: Rd cross-references
Result: NOTE
    Undeclared packages ‘binom’, ‘PropCIs’, ‘BlakerCI’, ‘prevalence’ in Rd xrefs
Flavor: r-devel-linux-x86_64-fedora-clang

Version: 2.0.0
Check: Rd cross-references
Result: NOTE
    Package unavailable to check Rd xrefs: ‘prevalence’
Flavor: r-release-macos-arm64