Last updated on 2022-06-30 17:49:53 CEST.
Flavor | Version | Tinstall | Tcheck | Ttotal | Status | Flags |
---|---|---|---|---|---|---|
r-devel-linux-x86_64-debian-clang | 0.1.0 | 4.71 | 53.46 | 58.17 | NOTE | |
r-devel-linux-x86_64-debian-gcc | 0.1.0 | 4.62 | 40.25 | 44.87 | NOTE | |
r-devel-linux-x86_64-fedora-clang | 0.1.0 | 81.56 | NOTE | |||
r-devel-linux-x86_64-fedora-gcc | 0.1.0 | 78.54 | NOTE | |||
r-devel-windows-x86_64 | 0.1.0 | 10.00 | 74.00 | 84.00 | NOTE | |
r-patched-linux-x86_64 | 0.1.0 | 4.76 | 50.06 | 54.82 | NOTE | |
r-release-linux-x86_64 | 0.1.0 | 5.10 | 51.02 | 56.12 | NOTE | |
r-release-macos-arm64 | 0.1.0 | 22.00 | NOTE | |||
r-release-macos-x86_64 | 0.1.0 | 43.00 | NOTE | |||
r-release-windows-x86_64 | 0.1.0 | 13.00 | 79.00 | 92.00 | NOTE | |
r-oldrel-macos-arm64 | 0.1.0 | 26.00 | NOTE | |||
r-oldrel-macos-x86_64 | 0.1.0 | 43.00 | NOTE | |||
r-oldrel-windows-ix86+x86_64 | 0.1.0 | 16.00 | 70.00 | 86.00 | NOTE |
Version: 0.1.0
Check: LazyData
Result: NOTE
'LazyData' is specified without a 'data' directory
Flavors: r-devel-linux-x86_64-debian-clang, r-devel-linux-x86_64-debian-gcc, r-devel-linux-x86_64-fedora-clang, r-devel-linux-x86_64-fedora-gcc, r-devel-windows-x86_64, r-patched-linux-x86_64, r-release-linux-x86_64, r-release-macos-arm64, r-release-macos-x86_64, r-release-windows-x86_64, r-oldrel-macos-arm64, r-oldrel-macos-x86_64, r-oldrel-windows-ix86+x86_64