CRAN Package Check Results for Package profvis

Last updated on 2023-03-31 05:54:32 CEST.

Flavor Version Tinstall Tcheck Ttotal Status Flags
r-devel-linux-x86_64-debian-clang 0.3.7 4.05 35.41 39.46 WARN
r-devel-linux-x86_64-debian-gcc 0.3.7 3.45 27.88 31.33 WARN
r-devel-linux-x86_64-fedora-clang 0.3.7 50.38 WARN
r-devel-linux-x86_64-fedora-gcc 0.3.7 47.72 WARN
r-devel-windows-x86_64 0.3.7 64.00 0.00 64.00 OK
r-patched-linux-x86_64 0.3.7 4.84 34.16 39.00 WARN
r-release-linux-x86_64 0.3.7 4.03 35.19 39.22 OK
r-release-macos-arm64 0.3.7 22.00 OK
r-release-macos-x86_64 0.3.7 27.00 OK
r-release-windows-x86_64 0.3.7 30.00 70.00 100.00 OK
r-oldrel-macos-arm64 0.3.7 28.00 OK
r-oldrel-macos-x86_64 0.3.7 35.00 OK
r-oldrel-windows-ix86+x86_64 0.3.7 16.00 79.00 95.00 OK

Check Details

Version: 0.3.7
Check: whether package can be installed
Result: WARN
    Found the following significant warnings:
     pause.c:10:19: warning: a function declaration without a prototype is deprecated in all versions of C [-Wstrict-prototypes]
    See ‘/home/hornik/tmp/R.check/r-devel-clang/Work/PKGS/profvis.Rcheck/00install.out’ for details.
    * used C compiler: ‘Debian clang version 15.0.6’
Flavor: r-devel-linux-x86_64-debian-clang

Version: 0.3.7
Check: whether package can be installed
Result: WARN
    Found the following significant warnings:
     pause.c:10:8: warning: function declaration isn’t a prototype [-Wstrict-prototypes]
    See ‘/home/hornik/tmp/R.check/r-devel-gcc/Work/PKGS/profvis.Rcheck/00install.out’ for details.
    * used C compiler: ‘gcc-12 (Debian 12.2.0-14) 12.2.0’
Flavor: r-devel-linux-x86_64-debian-gcc

Version: 0.3.7
Check: whether package can be installed
Result: WARN
    Found the following significant warnings:
     pause.c:10:19: warning: a function declaration without a prototype is deprecated in all versions of C [-Wstrict-prototypes]
    See ‘/data/gannet/ripley/R/packages/tests-clang/profvis.Rcheck/00install.out’ for details.
    * used C compiler: ‘clang version 16.0.0’
Flavor: r-devel-linux-x86_64-fedora-clang

Version: 0.3.7
Check: whether package can be installed
Result: WARN
    Found the following significant warnings:
     pause.c:10:8: warning: function declaration isn’t a prototype [-Wstrict-prototypes]
    See ‘/data/gannet/ripley/R/packages/tests-devel/profvis.Rcheck/00install.out’ for details.
    * used C compiler: ‘gcc (GCC) 12.2.1 20221121 (Red Hat 12.2.1-4)’
Flavor: r-devel-linux-x86_64-fedora-gcc

Version: 0.3.7
Check: whether package can be installed
Result: WARN
    Found the following significant warnings:
     pause.c:10:8: warning: function declaration isn’t a prototype [-Wstrict-prototypes]
    See ‘/home/hornik/tmp/R.check/r-patched-gcc/Work/PKGS/profvis.Rcheck/00install.out’ for details.
    * used C compiler: ‘gcc-11 (Debian 11.3.0-12) 11.3.0’
Flavor: r-patched-linux-x86_64