CRAN Package Check Results for Package productivity

Last updated on 2021-09-21 16:51:42 CEST.

Flavor Version Tinstall Tcheck Ttotal Status Flags
r-devel-linux-x86_64-debian-clang 1.1.0 12.98 60.23 73.21 OK
r-devel-linux-x86_64-debian-gcc 1.1.0 9.11 44.90 54.01 OK
r-devel-linux-x86_64-fedora-clang 1.1.0 93.60 OK
r-devel-linux-x86_64-fedora-gcc 1.1.0 82.75 OK
r-devel-windows-x86_64 1.1.0 10.00 56.00 66.00 OK
r-devel-windows-x86_64-gcc10-UCRT 1.1.0 ERROR
r-patched-linux-x86_64 1.1.0 11.22 58.91 70.13 OK
r-patched-solaris-x86 1.1.0 100.00 OK
r-release-linux-x86_64 1.1.0 10.05 58.56 68.61 OK
r-release-macos-arm64 1.1.0 OK
r-release-macos-x86_64 1.1.0 OK
r-release-windows-ix86+x86_64 1.1.0 18.00 53.00 71.00 OK
r-oldrel-macos-x86_64 1.1.0 OK
r-oldrel-windows-ix86+x86_64 1.1.0 18.00 53.00 71.00 OK

Check Details

Version: 1.1.0
Check: whether package can be installed
Result: WARN
    Found the following significant warnings:
     WARNING: installation-time patches will not be applied, could not get the patches index
Flavor: r-devel-windows-x86_64-gcc10-UCRT

Version: 1.1.0
Check: PDF version of manual
Result: WARN
    LaTeX errors when creating PDF version.
    This typically indicates Rd problems.
Flavor: r-devel-windows-x86_64-gcc10-UCRT

Version: 1.1.0
Check: PDF version of manual without hyperrefs or index
Result: ERROR
    Re-running with no redirection of stdout/stderr.
Flavor: r-devel-windows-x86_64-gcc10-UCRT