CRAN Package Check Results for Package processmapR

Last updated on 2021-07-30 07:50:24 CEST.

Flavor Version Tinstall Tcheck Ttotal Status Flags
r-devel-linux-x86_64-debian-clang 0.3.4 NOTE
r-devel-linux-x86_64-debian-gcc 0.3.4 21.43 61.89 83.32 NOTE
r-devel-linux-x86_64-fedora-clang 0.3.4 142.36 NOTE
r-devel-linux-x86_64-fedora-gcc 0.3.4 130.30 NOTE
r-devel-windows-x86_64 0.3.4 32.00 111.00 143.00 NOTE
r-devel-windows-x86_64-gcc10-UCRT 0.3.4 NOTE
r-patched-linux-x86_64 0.3.4 NOTE
r-patched-solaris-x86 0.3.4 168.20 NOTE
r-release-linux-x86_64 0.3.4 23.63 77.79 101.42 NOTE
r-release-macos-arm64 0.3.4 NOTE
r-release-macos-x86_64 0.3.4 NOTE
r-release-windows-ix86+x86_64 0.3.4 66.00 145.00 211.00 NOTE
r-oldrel-macos-x86_64 0.3.4 OK
r-oldrel-windows-ix86+x86_64 0.3.4 62.00 143.00 205.00 OK

Check Details

Version: 0.3.4
Check: LazyData
Result: NOTE
     'LazyData' is specified without a 'data' directory
Flavors: r-devel-linux-x86_64-debian-clang, r-devel-linux-x86_64-debian-gcc, r-devel-linux-x86_64-fedora-clang, r-devel-linux-x86_64-fedora-gcc, r-devel-windows-x86_64, r-devel-windows-x86_64-gcc10-UCRT, r-patched-linux-x86_64, r-patched-solaris-x86, r-release-linux-x86_64, r-release-macos-arm64, r-release-macos-x86_64, r-release-windows-ix86+x86_64

Version: 0.3.4
Check: package dependencies
Result: NOTE
    Imports includes 21 non-default packages.
    Importing from so many packages makes the package vulnerable to any of
    them becoming unavailable. Move as many as possible to Suggests and
    use conditionally.
Flavor: r-devel-linux-x86_64-fedora-clang