CRAN Package Check Results for Package processcheckR

Last updated on 2021-07-26 19:49:32 CEST.

Flavor Version Tinstall Tcheck Ttotal Status Flags
r-devel-linux-x86_64-debian-clang 0.1.3 7.98 86.75 94.73 NOTE
r-devel-linux-x86_64-debian-gcc 0.1.3 7.13 63.56 70.69 NOTE
r-devel-linux-x86_64-fedora-clang 0.1.3 113.51 NOTE
r-devel-linux-x86_64-fedora-gcc 0.1.3 103.43 NOTE
r-devel-windows-x86_64 0.1.3 13.00 105.00 118.00 NOTE
r-devel-windows-x86_64-gcc10-UCRT 0.1.3 NOTE
r-patched-linux-x86_64 0.1.3 7.56 77.99 85.55 NOTE
r-patched-solaris-x86 0.1.3 143.30 NOTE
r-release-linux-x86_64 0.1.3 8.44 77.72 86.16 NOTE
r-release-macos-arm64 0.1.3 NOTE
r-release-macos-x86_64 0.1.3 NOTE
r-release-windows-ix86+x86_64 0.1.3 20.00 77.00 97.00 NOTE
r-oldrel-macos-x86_64 0.1.3 OK
r-oldrel-windows-ix86+x86_64 0.1.3 28.00 108.00 136.00 OK

Check Details

Version: 0.1.3
Check: LazyData
Result: NOTE
     'LazyData' is specified without a 'data' directory
Flavors: r-devel-linux-x86_64-debian-clang, r-devel-linux-x86_64-debian-gcc, r-devel-linux-x86_64-fedora-clang, r-devel-linux-x86_64-fedora-gcc, r-devel-windows-x86_64, r-devel-windows-x86_64-gcc10-UCRT, r-patched-linux-x86_64, r-patched-solaris-x86, r-release-linux-x86_64, r-release-macos-arm64, r-release-macos-x86_64, r-release-windows-ix86+x86_64