Last updated on 2022-05-17 13:50:08 CEST.
Flavor | Version | Tinstall | Tcheck | Ttotal | Status | Flags |
---|---|---|---|---|---|---|
r-devel-linux-x86_64-debian-clang | 1.0.4 | 12.12 | 141.86 | 153.98 | OK | |
r-devel-linux-x86_64-debian-gcc | 1.0.4 | 9.35 | 103.48 | 112.83 | OK | |
r-devel-linux-x86_64-fedora-clang | 1.0.4 | 175.98 | NOTE | |||
r-devel-linux-x86_64-fedora-gcc | 1.0.4 | 164.93 | OK | |||
r-devel-windows-x86_64 | 1.0.4 | 91.00 | 167.00 | 258.00 | NOTE | |
r-patched-linux-x86_64 | 1.0.4 | 14.89 | 128.11 | 143.00 | OK | |
r-release-linux-x86_64 | 1.0.4 | 7.89 | 130.49 | 138.38 | OK | |
r-release-macos-arm64 | 1.0.4 | 48.00 | NOTE | |||
r-release-macos-x86_64 | 1.0.4 | 83.00 | NOTE | |||
r-release-windows-x86_64 | 1.0.4 | 90.00 | 170.00 | 260.00 | NOTE | |
r-oldrel-macos-arm64 | 1.0.4 | 53.00 | NOTE | |||
r-oldrel-macos-x86_64 | 1.0.4 | 79.00 | NOTE | |||
r-oldrel-windows-ix86+x86_64 | 1.0.4 | 27.00 | 157.00 | 184.00 | NOTE |
Version: 1.0.4
Check: installed package size
Result: NOTE
installed size is 13.9Mb
sub-directories of 1Mb or more:
doc 11.1Mb
htmlwidgets 2.6Mb
Flavors: r-devel-linux-x86_64-fedora-clang, r-devel-windows-x86_64, r-release-macos-arm64, r-release-macos-x86_64, r-release-windows-x86_64, r-oldrel-macos-arm64, r-oldrel-macos-x86_64, r-oldrel-windows-ix86+x86_64