CRAN Package Check Results for Package prisonbrief

Last updated on 2021-08-03 07:54:37 CEST.

Flavor Version Tinstall Tcheck Ttotal Status Flags
r-devel-linux-x86_64-debian-clang 0.1.2 7.14 64.47 71.61 OK
r-devel-linux-x86_64-debian-gcc 0.1.2 6.09 48.83 54.92 OK
r-devel-linux-x86_64-fedora-clang 0.1.2 94.15 NOTE
r-devel-linux-x86_64-fedora-gcc 0.1.2 84.40 NOTE
r-devel-windows-x86_64 0.1.2 12.00 81.00 93.00 OK
r-devel-windows-x86_64-gcc10-UCRT 0.1.2 NOTE
r-patched-linux-x86_64 0.1.2 5.83 60.69 66.52 OK
r-patched-solaris-x86 0.1.2 131.60 NOTE
r-release-linux-x86_64 0.1.2 8.17 59.91 68.08 OK
r-release-macos-arm64 0.1.2 NOTE
r-release-macos-x86_64 0.1.2 NOTE
r-release-windows-ix86+x86_64 0.1.2 18.00 79.00 97.00 OK
r-oldrel-macos-x86_64 0.1.2 NOTE
r-oldrel-windows-ix86+x86_64 0.1.2 15.00 80.00 95.00 OK

Check Details

Version: 0.1.2
Check: data for non-ASCII characters
Result: NOTE
     Note: found 2 marked UTF-8 strings
Flavors: r-devel-linux-x86_64-fedora-clang, r-devel-linux-x86_64-fedora-gcc, r-devel-windows-x86_64-gcc10-UCRT, r-patched-solaris-x86, r-release-macos-arm64, r-release-macos-x86_64, r-oldrel-macos-x86_64