CRAN Package Check Results for Package prismadiagramR

Last updated on 2021-09-26 16:49:23 CEST.

Flavor Version Tinstall Tcheck Ttotal Status Flags
r-devel-linux-x86_64-debian-clang 1.0.0 4.67 54.58 59.25 OK
r-devel-linux-x86_64-debian-gcc 1.0.0 3.25 40.77 44.02 OK
r-devel-linux-x86_64-fedora-clang 1.0.0 78.68 OK
r-devel-linux-x86_64-fedora-gcc 1.0.0 70.73 OK
r-devel-windows-x86_64 1.0.0 7.00 61.00 68.00 OK
r-devel-windows-x86_64-gcc10-UCRT 1.0.0 OK
r-patched-linux-x86_64 1.0.0 4.33 49.39 53.72 OK
r-patched-solaris-x86 1.0.0 89.80 OK
r-release-linux-x86_64 1.0.0 4.48 50.04 54.52 OK
r-release-macos-arm64 1.0.0 OK
r-release-macos-x86_64 1.0.0 WARN
r-release-windows-ix86+x86_64 1.0.0 12.00 56.00 68.00 OK
r-oldrel-macos-x86_64 1.0.0 WARN
r-oldrel-windows-ix86+x86_64 1.0.0 11.00 57.00 68.00 OK

Check Details

Version: 1.0.0
Check: re-building of vignette outputs
Result: WARN
    Error(s) in re-building vignettes:
     ...
    --- re-building ‘PRISMA.Rmd’ using rmarkdown
    Warning in engine$weave(file, quiet = quiet, encoding = enc) :
     Pandoc (>= 1.12.3) not available. Falling back to R Markdown v1.
    Warning in getPrisma(studyStatus) :
     prismaFormat is null so attempting to make automatic one from studyStatus
    Warning in getFormatNode(prismaFormat) :
     fontSize param not passed in prismaFormat
    Quitting from lines 43-52 (PRISMA.Rmd)
    Error: processing vignette 'PRISMA.Rmd' failed with diagnostics:
    invalid 'path' argument
    --- failed re-building ‘PRISMA.Rmd’
    
    SUMMARY: processing the following file failed:
     ‘PRISMA.Rmd’
    
    Error: Vignette re-building failed.
    Execution halted
Flavor: r-release-macos-x86_64

Version: 1.0.0
Check: re-building of vignette outputs
Result: WARN
    Error(s) in re-building vignettes:
     ...
    --- re-building ‘PRISMA.Rmd’ using rmarkdown
    Warning in engine$weave(file, quiet = quiet, encoding = enc) :
     Pandoc (>= 1.12.3) and/or pandoc-citeproc not available. Falling back to R Markdown v1.
    Warning in getPrisma(studyStatus) :
     prismaFormat is null so attempting to make automatic one from studyStatus
    Warning in getFormatNode(prismaFormat) :
     fontSize param not passed in prismaFormat
    Warning in normalizePath(f2) :
     path[1]="webshot26ff63ed64f9.png": No such file or directory
    Warning in file(con, "rb") :
     cannot open file 'webshot26ff63ed64f9.png': No such file or directory
    Quitting from lines 43-52 (PRISMA.Rmd)
    Error: processing vignette 'PRISMA.Rmd' failed with diagnostics:
    cannot open the connection
    --- failed re-building ‘PRISMA.Rmd’
    
    SUMMARY: processing the following file failed:
     ‘PRISMA.Rmd’
    
    Error: Vignette re-building failed.
    Execution halted
Flavor: r-oldrel-macos-x86_64