CRAN Package Check Results for Package primefactr

Last updated on 2022-01-27 00:50:32 CET.

Flavor Version Tinstall Tcheck Ttotal Status Flags
r-devel-linux-x86_64-debian-clang 0.1.1 2.01 35.71 37.72 NOTE
r-devel-linux-x86_64-debian-gcc 0.1.1 1.22 28.28 29.50 NOTE
r-devel-linux-x86_64-fedora-clang 0.1.1 45.97 NOTE
r-devel-linux-x86_64-fedora-gcc 0.1.1 34.95 NOTE
r-devel-windows-x86_64-new-UL 0.1.1 25.00 54.00 79.00 NOTE
r-devel-windows-x86_64-new-TK 0.1.1 NOTE
r-patched-linux-x86_64 0.1.1 1.94 34.57 36.51 NOTE
r-release-linux-x86_64 0.1.1 1.33 34.09 35.42 NOTE
r-release-macos-arm64 0.1.1 NOTE
r-release-macos-x86_64 0.1.1 NOTE
r-release-windows-ix86+x86_64 0.1.1 5.00 46.00 51.00 NOTE
r-oldrel-macos-x86_64 0.1.1 OK
r-oldrel-windows-ix86+x86_64 0.1.1 5.00 46.00 51.00 OK

Check Details

Version: 0.1.1
Check: LazyData
Result: NOTE
     'LazyData' is specified without a 'data' directory
Flavors: r-devel-linux-x86_64-debian-clang, r-devel-linux-x86_64-debian-gcc, r-devel-linux-x86_64-fedora-clang, r-devel-linux-x86_64-fedora-gcc, r-devel-windows-x86_64-new-UL, r-devel-windows-x86_64-new-TK, r-patched-linux-x86_64, r-release-linux-x86_64, r-release-macos-arm64, r-release-macos-x86_64, r-release-windows-ix86+x86_64