CRAN Package Check Results for Package prettyR

Last updated on 2021-09-20 16:50:51 CEST.

Flavor Version Tinstall Tcheck Ttotal Status Flags
r-devel-linux-x86_64-debian-clang 2.2-3 3.35 30.88 34.23 NOTE
r-devel-linux-x86_64-debian-gcc 2.2-3 2.92 23.78 26.70 NOTE
r-devel-linux-x86_64-fedora-clang 2.2-3 49.43 NOTE
r-devel-linux-x86_64-fedora-gcc 2.2-3 39.17 NOTE
r-devel-windows-x86_64 2.2-3 4.00 36.00 40.00 OK
r-devel-windows-x86_64-gcc10-UCRT 2.2-3 ERROR
r-patched-linux-x86_64 2.2-3 3.86 29.70 33.56 NOTE
r-patched-solaris-x86 2.2-3 55.00 NOTE
r-release-linux-x86_64 2.2-3 3.14 29.94 33.08 NOTE
r-release-macos-arm64 2.2-3 OK
r-release-macos-x86_64 2.2-3 OK
r-release-windows-ix86+x86_64 2.2-3 7.00 37.00 44.00 OK
r-oldrel-macos-x86_64 2.2-3 OK
r-oldrel-windows-ix86+x86_64 2.2-3 7.00 32.00 39.00 OK

Check Details

Version: 2.2-3
Check: for non-standard things in the check directory
Result: NOTE
    Found the following files/directories:
     'hista.png' 'plotcd.png' 'test.R' 'test.html' 'testR2html.R'
     'testglm.csv' 'testglm.html' 'testglm.tab'
Flavors: r-devel-linux-x86_64-debian-clang, r-devel-linux-x86_64-debian-gcc, r-devel-linux-x86_64-fedora-clang, r-devel-linux-x86_64-fedora-gcc, r-patched-linux-x86_64, r-patched-solaris-x86, r-release-linux-x86_64

Version: 2.2-3
Check: whether package can be installed
Result: WARN
    Found the following significant warnings:
     WARNING: installation-time patches will not be applied, could not get the patches index
Flavor: r-devel-windows-x86_64-gcc10-UCRT

Version: 2.2-3
Check: PDF version of manual
Result: WARN
    LaTeX errors when creating PDF version.
    This typically indicates Rd problems.
Flavor: r-devel-windows-x86_64-gcc10-UCRT

Version: 2.2-3
Check: PDF version of manual without hyperrefs or index
Result: ERROR
    Re-running with no redirection of stdout/stderr.
Flavor: r-devel-windows-x86_64-gcc10-UCRT