CRAN Package Check Results for Package prettifyAddins

Last updated on 2021-09-24 16:50:12 CEST.

Flavor Version Tinstall Tcheck Ttotal Status Flags
r-devel-linux-x86_64-debian-clang 2.2.0 5.91 51.26 57.17 OK
r-devel-linux-x86_64-debian-gcc 2.2.0 4.60 39.49 44.09 OK
r-devel-linux-x86_64-fedora-clang 2.2.0 76.28 NOTE
r-devel-linux-x86_64-fedora-gcc 2.2.0 66.70 OK
r-devel-windows-x86_64 2.2.0 8.00 59.00 67.00 NOTE
r-devel-windows-x86_64-gcc10-UCRT 2.2.0 OK
r-patched-linux-x86_64 2.2.0 4.68 48.48 53.16 OK
r-patched-solaris-x86 2.2.0 101.60 NOTE
r-release-linux-x86_64 2.2.0 5.84 48.75 54.59 OK
r-release-macos-arm64 2.2.0 NOTE
r-release-macos-x86_64 2.2.0 NOTE
r-release-windows-ix86+x86_64 2.2.0 16.00 56.00 72.00 NOTE
r-oldrel-macos-x86_64 2.2.0 NOTE
r-oldrel-windows-ix86+x86_64 2.2.0 11.00 54.00 65.00 NOTE

Check Details

Version: 2.2.0
Check: installed package size
Result: NOTE
     installed size is 5.2Mb
     sub-directories of 1Mb or more:
     shinyApp 5.0Mb
Flavors: r-devel-linux-x86_64-fedora-clang, r-devel-windows-x86_64, r-patched-solaris-x86, r-release-macos-arm64, r-release-macos-x86_64, r-release-windows-ix86+x86_64, r-oldrel-macos-x86_64, r-oldrel-windows-ix86+x86_64