Last updated on 2022-07-05 05:52:59 CEST.
Flavor | Version | Tinstall | Tcheck | Ttotal | Status | Flags |
---|---|---|---|---|---|---|
r-devel-linux-x86_64-debian-clang | 0.1.1 | 3.07 | 52.35 | 55.42 | OK | |
r-devel-linux-x86_64-debian-gcc | 0.1.1 | 2.71 | 38.93 | 41.64 | OK | |
r-devel-linux-x86_64-fedora-clang | 0.1.1 | 79.27 | NOTE | |||
r-devel-linux-x86_64-fedora-gcc | 0.1.1 | 73.60 | NOTE | |||
r-devel-windows-x86_64 | 0.1.1 | 22.00 | 93.00 | 115.00 | OK | |
r-patched-linux-x86_64 | 0.1.1 | 4.39 | 50.46 | 54.85 | OK | |
r-release-linux-x86_64 | 0.1.1 | 2.51 | 49.67 | 52.18 | OK | |
r-release-macos-arm64 | 0.1.1 | 27.00 | NOTE | |||
r-release-macos-x86_64 | 0.1.1 | 43.00 | NOTE | |||
r-release-windows-x86_64 | 0.1.1 | 30.00 | 87.00 | 117.00 | OK | |
r-oldrel-macos-arm64 | 0.1.1 | 34.00 | NOTE | |||
r-oldrel-macos-x86_64 | 0.1.1 | 40.00 | NOTE | |||
r-oldrel-windows-ix86+x86_64 | 0.1.1 | 10.00 | 93.00 | 103.00 | OK |
Version: 0.1.1
Check: dependencies in R code
Result: NOTE
Namespace in Imports field not imported from: ‘badger’
All declared Imports should be used.
Flavors: r-devel-linux-x86_64-fedora-clang, r-devel-linux-x86_64-fedora-gcc, r-release-macos-arm64, r-release-macos-x86_64, r-oldrel-macos-arm64, r-oldrel-macos-x86_64