CRAN Package Check Results for Package prereg

Last updated on 2021-07-25 07:50:13 CEST.

Flavor Version Tinstall Tcheck Ttotal Status Flags
r-devel-linux-x86_64-debian-clang 0.5.0 2.10 22.56 24.66 NOTE
r-devel-linux-x86_64-debian-gcc 0.5.0 1.56 18.13 19.69 NOTE
r-devel-linux-x86_64-fedora-clang 0.5.0 38.70 NOTE
r-devel-linux-x86_64-fedora-gcc 0.5.0 28.63 NOTE
r-devel-windows-x86_64 0.5.0 3.00 31.00 34.00 NOTE
r-devel-windows-x86_64-gcc10-UCRT 0.5.0 NOTE
r-patched-linux-x86_64 0.5.0 2.28 21.56 23.84 NOTE
r-patched-solaris-x86 0.5.0 46.90 NOTE
r-release-linux-x86_64 0.5.0 2.15 22.03 24.18 NOTE
r-release-macos-arm64 0.5.0 NOTE
r-release-macos-x86_64 0.5.0 NOTE
r-release-windows-ix86+x86_64 0.5.0 5.00 30.00 35.00 NOTE
r-oldrel-macos-x86_64 0.5.0 OK
r-oldrel-windows-ix86+x86_64 0.5.0 6.00 38.00 44.00 OK

Check Details

Version: 0.5.0
Check: LazyData
Result: NOTE
     'LazyData' is specified without a 'data' directory
Flavors: r-devel-linux-x86_64-debian-clang, r-devel-linux-x86_64-debian-gcc, r-devel-linux-x86_64-fedora-clang, r-devel-linux-x86_64-fedora-gcc, r-devel-windows-x86_64, r-devel-windows-x86_64-gcc10-UCRT, r-patched-linux-x86_64, r-patched-solaris-x86, r-release-linux-x86_64, r-release-macos-arm64, r-release-macos-x86_64, r-release-windows-ix86+x86_64