CRAN Package Check Results for Package predtoolsTS

Last updated on 2021-11-30 11:52:06 CET.

Flavor Version Tinstall Tcheck Ttotal Status Flags
r-devel-linux-x86_64-debian-clang 0.1.1 3.29 46.17 49.46 NOTE
r-devel-linux-x86_64-debian-gcc 0.1.1 2.73 35.25 37.98 NOTE
r-devel-linux-x86_64-fedora-clang 0.1.1 72.84 NOTE
r-devel-linux-x86_64-fedora-gcc 0.1.1 60.59 NOTE
r-devel-windows-x86_64-new-UL 0.1.1 12.00 93.00 105.00 NOTE
r-devel-windows-x86_64-new-TK 0.1.1 NOTE
r-devel-windows-x86_64-old 0.1.1 12.00 60.00 72.00 NOTE
r-patched-linux-x86_64 0.1.1 3.67 46.06 49.73 NOTE
r-patched-solaris-x86 0.1.1 88.00 NOTE
r-release-linux-x86_64 0.1.1 3.22 45.58 48.80 NOTE
r-release-macos-arm64 0.1.1 NOTE
r-release-macos-x86_64 0.1.1 NOTE
r-release-windows-ix86+x86_64 0.1.1 10.00 57.00 67.00 NOTE
r-oldrel-macos-x86_64 0.1.1 OK
r-oldrel-windows-ix86+x86_64 0.1.1 6.00 75.00 81.00 OK

Check Details

Version: 0.1.1
Check: LazyData
Result: NOTE
     'LazyData' is specified without a 'data' directory
Flavors: r-devel-linux-x86_64-debian-clang, r-devel-linux-x86_64-debian-gcc, r-devel-linux-x86_64-fedora-clang, r-devel-linux-x86_64-fedora-gcc, r-devel-windows-x86_64-new-UL, r-devel-windows-x86_64-new-TK, r-devel-windows-x86_64-old, r-patched-linux-x86_64, r-patched-solaris-x86, r-release-linux-x86_64, r-release-macos-arm64, r-release-macos-x86_64, r-release-windows-ix86+x86_64