CRAN Package Check Results for Package predkmeans

Last updated on 2022-01-25 12:55:43 CET.

Flavor Version Tinstall Tcheck Ttotal Status Flags
r-devel-linux-x86_64-debian-clang 0.1.1 32.58 50.01 82.59 NOTE
r-devel-linux-x86_64-debian-gcc 0.1.1 20.74 38.83 59.57 NOTE
r-devel-linux-x86_64-fedora-clang 0.1.1 109.88 NOTE
r-devel-linux-x86_64-fedora-gcc 0.1.1 92.54 NOTE
r-devel-windows-x86_64-new-UL 0.1.1 82.00 91.00 173.00 NOTE
r-devel-windows-x86_64-new-TK 0.1.1 NOTE
r-patched-linux-x86_64 0.1.1 26.69 47.99 74.68 NOTE
r-release-linux-x86_64 0.1.1 26.53 48.42 74.95 NOTE
r-release-macos-arm64 0.1.1 NOTE
r-release-macos-x86_64 0.1.1 NOTE
r-release-windows-ix86+x86_64 0.1.1 80.00 95.00 175.00 NOTE
r-oldrel-macos-x86_64 0.1.1 OK
r-oldrel-windows-ix86+x86_64 0.1.1 83.00 103.00 186.00 OK

Check Details

Version: 0.1.1
Check: LazyData
Result: NOTE
     'LazyData' is specified without a 'data' directory
Flavors: r-devel-linux-x86_64-debian-clang, r-devel-linux-x86_64-debian-gcc, r-devel-linux-x86_64-fedora-clang, r-devel-linux-x86_64-fedora-gcc, r-devel-windows-x86_64-new-UL, r-devel-windows-x86_64-new-TK, r-patched-linux-x86_64, r-release-linux-x86_64, r-release-macos-arm64, r-release-macos-x86_64, r-release-windows-ix86+x86_64