CRAN Package Check Results for Package predint

Last updated on 2023-02-09 03:56:19 CET.

Flavor Version Tinstall Tcheck Ttotal Status Flags
r-devel-linux-x86_64-debian-clang 2.0.0 16.95 255.01 271.96 OK
r-devel-linux-x86_64-debian-gcc 2.0.0 14.07 184.12 198.19 OK
r-devel-linux-x86_64-fedora-clang 2.0.0 345.75 OK
r-devel-linux-x86_64-fedora-gcc 2.0.0 311.73 OK
r-devel-windows-x86_64 2.0.0 22.00 274.00 296.00 OK
r-patched-linux-x86_64 2.0.0 14.96 230.45 245.41 OK
r-release-linux-x86_64 2.0.0 11.80 232.20 244.00 OK
r-release-macos-arm64 2.0.0 68.00 ERROR
r-release-macos-x86_64 2.0.0 114.00 ERROR
r-release-windows-x86_64 1.1.1 26.00 285.00 311.00 OK
r-oldrel-macos-arm64 2.0.0 63.00 ERROR
r-oldrel-macos-x86_64 2.0.0 112.00 ERROR
r-oldrel-windows-ix86+x86_64 2.0.0 34.00 273.00 307.00 ERROR

Check Details

Version: 2.0.0
Check: PDF version of manual
Result: WARN
    LaTeX errors when creating PDF version.
    This typically indicates Rd problems.
    LaTeX errors found:
    ! Undefined control sequence.
    <argument> ...1}^{C+1} \hat {\sigma }^2_c}, \text
     { } \hat {\mu } + q^{calib...
    l.965 ...m_{c=1}^{C+1} \hat{\sigma}^2_c} \Big].}{}
    
    ! Undefined control sequence.
    <argument> ...1}^{C+1} \hat {\sigma }^2_c}, \text
     { } \hat {\mu } + q^{calib...
    l.1140 ..._{c=1}^{C+1} \hat{\sigma}^2_c} \Big].}{}
    
    ! Undefined control sequence.
    <argument> ...1}^{C+1} \hat {\sigma }^2_c}, \text
     { } \hat {\mu } + q^{calib...
    l.1291 ..._{c=1}^{C+1} \hat{\sigma}^2_c} \Big].}{}
Flavors: r-release-macos-arm64, r-release-macos-x86_64

Version: 2.0.0
Check: PDF version of manual without index
Result: ERROR
Flavors: r-release-macos-arm64, r-release-macos-x86_64

Version: 2.0.0
Check: PDF version of manual
Result: WARN
    LaTeX errors when creating PDF version.
    This typically indicates Rd problems.
    LaTeX errors found:
    ! Undefined control sequence.
    <argument> ...1}^{C+1} \hat {\sigma }^2_c}, \text
     { } \hat {\mu } + q^{calib...
    l.963 ...m_{c=1}^{C+1} \hat{\sigma}^2_c} \Big].}{}
    
    ! Undefined control sequence.
    <argument> ...1}^{C+1} \hat {\sigma }^2_c}, \text
     { } \hat {\mu } + q^{calib...
    l.1138 ..._{c=1}^{C+1} \hat{\sigma}^2_c} \Big].}{}
    
    ! Undefined control sequence.
    <argument> ...1}^{C+1} \hat {\sigma }^2_c}, \text
     { } \hat {\mu } + q^{calib...
    l.1289 ..._{c=1}^{C+1} \hat{\sigma}^2_c} \Big].}{}
Flavors: r-oldrel-macos-arm64, r-oldrel-macos-x86_64, r-oldrel-windows-ix86+x86_64

Version: 2.0.0
Check: PDF version of manual without hyperrefs or index
Result: ERROR
Flavors: r-oldrel-macos-arm64, r-oldrel-macos-x86_64, r-oldrel-windows-ix86+x86_64