CRAN Package Check Results for Package predictoR

Last updated on 2021-12-01 23:51:46 CET.

Flavor Version Tinstall Tcheck Ttotal Status Flags
r-devel-linux-x86_64-debian-clang 2.0.5 25.98 185.51 211.49 OK
r-devel-linux-x86_64-debian-gcc 2.0.5 22.86 143.04 165.90 OK
r-devel-linux-x86_64-fedora-clang 2.0.5 262.06 OK
r-devel-linux-x86_64-fedora-gcc 2.0.5 251.15 OK
r-devel-windows-x86_64-new-UL 2.0.5 41.00 236.00 277.00 OK
r-devel-windows-x86_64-new-TK 2.0.5 OK
r-devel-windows-x86_64-old 2.0.5 31.00 168.00 199.00 OK
r-patched-linux-x86_64 2.0.5 26.07 174.60 200.67 OK
r-patched-solaris-x86 2.0.5 344.90 OK
r-release-linux-x86_64 2.0.5 25.78 174.37 200.15 OK
r-release-macos-arm64 2.0.5 OK
r-release-macos-x86_64 2.0.5 OK
r-release-windows-ix86+x86_64 2.0.5 59.00 217.00 276.00 OK
r-oldrel-macos-x86_64 1.1.9 NOTE
r-oldrel-windows-ix86+x86_64 1.1.9 8.00 33.00 41.00 OK

Check Details

Version: 1.1.9
Check: dependencies in R code
Result: NOTE
    Namespaces in Imports field not imported from:
     ‘DT’ ‘ROCR’ ‘adabag’ ‘colourpicker’ ‘e1071’ ‘flexdashboard’ ‘glmnet’
     ‘kknn’ ‘neuralnet’ ‘plyr’ ‘randomForest’ ‘rattle’ ‘rpart’ ‘shinyAce’
     ‘shinyWidgets’ ‘shinydashboardPlus’ ‘shinyjs’ ‘tidyverse’ ‘xgboost’
     All declared Imports should be used.
Flavor: r-oldrel-macos-x86_64