CRAN Package Check Results for Package predict3d

Last updated on 2021-07-30 07:50:24 CEST.

Flavor Version Tinstall Tcheck Ttotal Status Flags
r-devel-linux-x86_64-debian-clang 0.1.3.3 NOTE
r-devel-linux-x86_64-debian-gcc 0.1.3.3 10.79 101.21 112.00 NOTE
r-devel-linux-x86_64-fedora-clang 0.1.3.3 185.68 NOTE
r-devel-linux-x86_64-fedora-gcc 0.1.3.3 176.47 NOTE
r-devel-windows-x86_64 0.1.3.3 29.00 157.00 186.00 NOTE
r-devel-windows-x86_64-gcc10-UCRT 0.1.3.3 NOTE
r-patched-linux-x86_64 0.1.3.3 NOTE
r-patched-solaris-x86 0.1.3.3 221.20 WARN
r-release-linux-x86_64 0.1.3.3 12.60 128.98 141.58 NOTE
r-release-macos-arm64 0.1.3.3 WARN
r-release-macos-x86_64 0.1.3.3 WARN
r-release-windows-ix86+x86_64 0.1.3.3 34.00 155.00 189.00 NOTE
r-oldrel-macos-x86_64 0.1.3.3 WARN
r-oldrel-windows-ix86+x86_64 0.1.3.3 44.00 165.00 209.00 OK

Check Details

Version: 0.1.3.3
Check: LazyData
Result: NOTE
     'LazyData' is specified without a 'data' directory
Flavors: r-devel-linux-x86_64-debian-clang, r-devel-linux-x86_64-debian-gcc, r-devel-linux-x86_64-fedora-clang, r-devel-linux-x86_64-fedora-gcc, r-devel-windows-x86_64, r-devel-windows-x86_64-gcc10-UCRT, r-patched-linux-x86_64, r-patched-solaris-x86, r-release-linux-x86_64, r-release-macos-arm64, r-release-macos-x86_64, r-release-windows-ix86+x86_64

Version: 0.1.3.3
Check: dependencies in R code
Result: NOTE
    Namespaces in Imports field not imported from:
     ‘TH.data’ ‘moonBook’
     All declared Imports should be used.
Flavors: r-devel-linux-x86_64-fedora-clang, r-devel-linux-x86_64-fedora-gcc, r-devel-windows-x86_64-gcc10-UCRT, r-patched-solaris-x86, r-release-macos-arm64, r-release-macos-x86_64, r-oldrel-macos-x86_64

Version: 0.1.3.3
Check: re-building of vignette outputs
Result: WARN
    Error(s) in re-building vignettes:
     ...
    --- re-building ‘predict3d.Rmd’ using rmarkdown
    Warning in engine$weave(file, quiet = quiet, encoding = enc) :
     Pandoc (>= 1.12.3) not available. Falling back to R Markdown v1.
    Loading required package: predict3d
    Loading required package: rgl
    Quitting from lines 55-58 (predict3d.Rmd)
    Error: processing vignette 'predict3d.Rmd' failed with diagnostics:
    OpenGL is not available in this build
    --- failed re-building ‘predict3d.Rmd’
    
    SUMMARY: processing the following file failed:
     ‘predict3d.Rmd’
    
    Error: Vignette re-building failed.
    Execution halted
Flavor: r-patched-solaris-x86

Version: 0.1.3.3
Check: re-building of vignette outputs
Result: WARN
    Error(s) in re-building vignettes:
     ...
    --- re-building ‘predict3d.Rmd’ using rmarkdown
    Warning in engine$weave(file, quiet = quiet, encoding = enc) :
     Pandoc (>= 1.12.3) not available. Falling back to R Markdown v1.
    Loading required package: predict3d
    Loading required package: rgl
    Quitting from lines 55-58 (predict3d.Rmd)
    Error: processing vignette 'predict3d.Rmd' failed with diagnostics:
    polygon edge not found
    --- failed re-building ‘predict3d.Rmd’
    
    SUMMARY: processing the following file failed:
     ‘predict3d.Rmd’
    
    Error: Vignette re-building failed.
    Execution halted
Flavor: r-release-macos-arm64

Version: 0.1.3.3
Check: re-building of vignette outputs
Result: WARN
    Error(s) in re-building vignettes:
     ...
    --- re-building ‘predict3d.Rmd’ using rmarkdown
    Warning in engine$weave(file, quiet = quiet, encoding = enc) :
     Pandoc (>= 1.12.3) not available. Falling back to R Markdown v1.
    Loading required package: predict3d
    Loading required package: rgl
    Quitting from lines 55-58 (predict3d.Rmd)
    Error: processing vignette 'predict3d.Rmd' failed with diagnostics:
    invalid 'path' argument
    --- failed re-building ‘predict3d.Rmd’
    
    SUMMARY: processing the following file failed:
     ‘predict3d.Rmd’
    
    Error: Vignette re-building failed.
    Execution halted
Flavor: r-release-macos-x86_64

Version: 0.1.3.3
Check: re-building of vignette outputs
Result: WARN
    Error(s) in re-building vignettes:
     ...
    --- re-building ‘predict3d.Rmd’ using rmarkdown
    Warning in engine$weave(file, quiet = quiet, encoding = enc) :
     Pandoc (>= 1.12.3) and/or pandoc-citeproc not available. Falling back to R Markdown v1.
    Loading required package: predict3d
    Loading required package: rgl
    Quitting from lines 55-58 (predict3d.Rmd)
    Error: processing vignette 'predict3d.Rmd' failed with diagnostics:
    cannot open the connection
    --- failed re-building ‘predict3d.Rmd’
    
    SUMMARY: processing the following file failed:
     ‘predict3d.Rmd’
    
    Error: Vignette re-building failed.
    Execution halted
Flavor: r-oldrel-macos-x86_64