CRAN Package Check Results for Package ppgmmga

Last updated on 2021-09-21 04:55:27 CEST.

Flavor Version Tinstall Tcheck Ttotal Status Flags
r-devel-linux-x86_64-debian-clang 1.2 56.56 100.40 156.96 NOTE
r-devel-linux-x86_64-debian-gcc 1.2 37.60 69.04 106.64 NOTE
r-devel-linux-x86_64-fedora-clang 1.2 208.93 NOTE
r-devel-linux-x86_64-fedora-gcc 1.2 187.20 NOTE
r-devel-windows-x86_64 1.2 54.00 98.00 152.00 NOTE
r-devel-windows-x86_64-gcc10-UCRT 1.2 ERROR
r-patched-linux-x86_64 1.2 51.52 56.90 108.42 NOTE
r-patched-solaris-x86 1.2 221.80 NOTE
r-release-linux-x86_64 1.2 49.88 57.53 107.41 NOTE
r-release-macos-arm64 1.2 NOTE
r-release-macos-x86_64 1.2 NOTE
r-release-windows-ix86+x86_64 1.2 132.00 87.00 219.00 NOTE
r-oldrel-macos-x86_64 1.2 OK
r-oldrel-windows-ix86+x86_64 1.2 130.00 86.00 216.00 OK

Check Details

Version: 1.2
Check: LazyData
Result: NOTE
     'LazyData' is specified without a 'data' directory
Flavors: r-devel-linux-x86_64-debian-clang, r-devel-linux-x86_64-debian-gcc, r-devel-linux-x86_64-fedora-clang, r-devel-linux-x86_64-fedora-gcc, r-devel-windows-x86_64, r-patched-linux-x86_64, r-patched-solaris-x86, r-release-linux-x86_64, r-release-macos-arm64, r-release-macos-x86_64, r-release-windows-ix86+x86_64

Version: 1.2
Check: whether package can be installed
Result: ERROR
    Installation failed.
Flavor: r-devel-windows-x86_64-gcc10-UCRT