CRAN Package Check Results for Package ppcSpatial

Last updated on 2021-09-25 16:49:36 CEST.

Flavor Version Tinstall Tcheck Ttotal Status Flags
r-devel-linux-x86_64-debian-clang 0.2.0 15.50 133.35 148.85 NOTE
r-devel-linux-x86_64-debian-gcc 0.2.0 12.80 100.51 113.31 NOTE
r-devel-linux-x86_64-fedora-clang 0.2.0 182.33 NOTE
r-devel-linux-x86_64-fedora-gcc 0.2.0 171.40 NOTE
r-devel-windows-x86_64 0.2.0 18.00 120.00 138.00 NOTE
r-devel-windows-x86_64-gcc10-UCRT 0.2.0 NOTE
r-patched-linux-x86_64 0.2.0 14.48 125.07 139.55 NOTE
r-patched-solaris-x86 0.2.0 252.20 NOTE
r-release-linux-x86_64 0.2.0 14.23 125.42 139.65 NOTE
r-release-macos-arm64 0.2.0 NOTE
r-release-macos-x86_64 0.2.0 NOTE
r-release-windows-ix86+x86_64 0.2.0 37.00 114.00 151.00 NOTE
r-oldrel-macos-x86_64 0.2.0 OK
r-oldrel-windows-ix86+x86_64 0.2.0 26.00 120.00 146.00 OK

Check Details

Version: 0.2.0
Check: LazyData
Result: NOTE
     'LazyData' is specified without a 'data' directory
Flavors: r-devel-linux-x86_64-debian-clang, r-devel-linux-x86_64-debian-gcc, r-devel-linux-x86_64-fedora-clang, r-devel-linux-x86_64-fedora-gcc, r-devel-windows-x86_64, r-devel-windows-x86_64-gcc10-UCRT, r-patched-linux-x86_64, r-patched-solaris-x86, r-release-linux-x86_64, r-release-macos-arm64, r-release-macos-x86_64, r-release-windows-ix86+x86_64