CRAN Package Check Results for Package powerLATE

Last updated on 2024-02-21 15:50:55 CET.

Flavor Version Tinstall Tcheck Ttotal Status Flags
r-devel-linux-x86_64-debian-clang 0.1.1 NOTE
r-devel-linux-x86_64-debian-gcc 0.1.1 2.50 19.88 22.38 NOTE
r-devel-linux-x86_64-fedora-clang 0.1.1 36.15 NOTE
r-devel-linux-x86_64-fedora-gcc 0.1.1 34.50 NOTE
r-devel-windows-x86_64 0.1.1 3.00 42.00 45.00 NOTE
r-patched-linux-x86_64 0.1.1 2.68 25.24 27.92 NOTE
r-release-linux-x86_64 0.1.1 2.49 25.07 27.56 NOTE
r-release-macos-arm64 0.1.1 17.00 NOTE
r-release-macos-x86_64 0.1.1 22.00 NOTE
r-release-windows-x86_64 0.1.1 3.00 42.00 45.00 NOTE
r-oldrel-macos-arm64 0.1.1 17.00 NOTE
r-oldrel-windows-x86_64 0.1.1 5.00 45.00 50.00 NOTE

Check Details

Version: 0.1.1
Check: Rd files
Result: NOTE checkRd: (-1) equal.ordered.Rd:27: Lost braces; missing escapes or markup? 27 | A vector of values for one in {kappa, N, power} that is not supplied by the user. | ^ checkRd: (-1) equal.ordered.cov.Rd:33: Lost braces; missing escapes or markup? 33 | A vector of values for one in {kappa, N, power} that is not supplied by the user. | ^ checkRd: (-1) equal.unordered.Rd:27: Lost braces; missing escapes or markup? 27 | A vector of values for one in {kappa, N, power} that is not supplied by the user. | ^ checkRd: (-1) equal.unordered.cov.Rd:33: Lost braces; missing escapes or markup? 33 | A vector of values for one in {kappa, N, power} that is not supplied by the user. | ^ checkRd: (-1) unequal.ordered.Rd:30: Lost braces; missing escapes or markup? 30 | A vector of values for one in {kappa, N, power} that is not supplied by the user. | ^ checkRd: (-1) unequal.ordered.cov.Rd:36: Lost braces; missing escapes or markup? 36 | A vector of values for one in {kappa, N, power} that is not supplied by the user. | ^ checkRd: (-1) unequal.unordered.Rd:30: Lost braces; missing escapes or markup? 30 | A vector of values for one in {kappa, N, power} that is not supplied by the user. | ^ checkRd: (-1) unequal.unordered.cov.Rd:36: Lost braces; missing escapes or markup? 36 | A vector of values for one in {kappa, N, power} that is not supplied by the user. | ^ Flavors: r-devel-linux-x86_64-debian-clang, r-devel-linux-x86_64-debian-gcc

Version: 0.1.1
Check: LazyData
Result: NOTE 'LazyData' is specified without a 'data' directory Flavors: r-devel-linux-x86_64-debian-clang, r-devel-linux-x86_64-debian-gcc, r-devel-linux-x86_64-fedora-clang, r-devel-linux-x86_64-fedora-gcc, r-devel-windows-x86_64, r-patched-linux-x86_64, r-release-linux-x86_64, r-release-macos-arm64, r-release-macos-x86_64, r-release-windows-x86_64, r-oldrel-macos-arm64, r-oldrel-windows-x86_64