CRAN Package Check Results for Package powerLATE

Last updated on 2023-02-04 17:52:38 CET.

Flavor Version Tinstall Tcheck Ttotal Status Flags
r-devel-linux-x86_64-debian-clang 0.1.1 2.90 24.68 27.58 NOTE
r-devel-linux-x86_64-debian-gcc 0.1.1 2.29 19.76 22.05 NOTE
r-devel-linux-x86_64-fedora-clang 0.1.1 36.38 NOTE
r-devel-linux-x86_64-fedora-gcc 0.1.1 34.65 NOTE
r-devel-windows-x86_64 0.1.1 25.00 52.00 77.00 NOTE
r-patched-linux-x86_64 0.1.1 2.44 25.14 27.58 NOTE
r-release-linux-x86_64 0.1.1 3.12 24.78 27.90 NOTE
r-release-macos-arm64 0.1.1 15.00 NOTE
r-release-macos-x86_64 0.1.1 22.00 NOTE
r-release-windows-x86_64 0.1.1 23.00 55.00 78.00 NOTE
r-oldrel-macos-arm64 0.1.1 19.00 NOTE
r-oldrel-macos-x86_64 0.1.1 26.00 NOTE
r-oldrel-windows-ix86+x86_64 0.1.1 7.00 50.00 57.00 NOTE

Check Details

Version: 0.1.1
Check: LazyData
Result: NOTE
     'LazyData' is specified without a 'data' directory
Flavors: r-devel-linux-x86_64-debian-clang, r-devel-linux-x86_64-debian-gcc, r-devel-linux-x86_64-fedora-clang, r-devel-linux-x86_64-fedora-gcc, r-devel-windows-x86_64, r-patched-linux-x86_64, r-release-linux-x86_64, r-release-macos-arm64, r-release-macos-x86_64, r-release-windows-x86_64, r-oldrel-macos-arm64, r-oldrel-macos-x86_64, r-oldrel-windows-ix86+x86_64