CRAN Package Check Results for Package poweRlaw

Last updated on 2021-06-20 09:50:01 CEST.

Flavor Version Tinstall Tcheck Ttotal Status Flags
r-devel-linux-x86_64-debian-clang 0.70.6 8.62 131.92 140.54 OK
r-devel-linux-x86_64-debian-gcc 0.70.6 7.35 103.16 110.51 OK
r-devel-linux-x86_64-fedora-clang 0.70.6 176.10 OK
r-devel-linux-x86_64-fedora-gcc 0.70.6 164.46 OK
r-devel-windows-x86_64 0.70.6 17.00 128.00 145.00 OK
r-devel-windows-x86_64-gcc10-UCRT 0.70.6 NOTE
r-patched-linux-x86_64 0.70.6 8.16 128.16 136.32 OK
r-patched-solaris-x86 0.70.6 238.50 OK
r-release-linux-x86_64 0.70.6 7.75 128.79 136.54 OK
r-release-macos-arm64 0.70.6 OK
r-release-macos-x86_64 0.70.6 OK
r-release-windows-ix86+x86_64 0.70.6 19.00 165.00 184.00 OK
r-oldrel-macos-x86_64 0.70.6 OK
r-oldrel-windows-ix86+x86_64 0.70.6 15.00 170.00 185.00 OK

Check Details

Version: 0.70.6
Check: package dependencies
Result: NOTE
    Package suggested but not available for checking: 'covr'
Flavor: r-devel-windows-x86_64-gcc10-UCRT