CRAN Package Check Results for Package powdR

Last updated on 2021-09-21 04:55:27 CEST.

Flavor Version Tinstall Tcheck Ttotal Status Flags
r-devel-linux-x86_64-debian-clang 1.3.0 9.30 228.23 237.53 OK
r-devel-linux-x86_64-debian-gcc 1.3.0 8.30 155.87 164.17 OK
r-devel-linux-x86_64-fedora-clang 1.3.0 274.22 NOTE
r-devel-linux-x86_64-fedora-gcc 1.3.0 259.88 OK
r-devel-windows-x86_64 1.3.0 11.00 196.00 207.00 OK
r-devel-windows-x86_64-gcc10-UCRT 1.3.0 ERROR
r-patched-linux-x86_64 1.3.0 10.70 206.20 216.90 OK
r-patched-solaris-x86 1.3.0 128.00 NOTE
r-release-linux-x86_64 1.3.0 9.47 209.81 219.28 OK
r-release-macos-arm64 1.3.0 OK
r-release-macos-x86_64 1.3.0 OK
r-release-windows-ix86+x86_64 1.3.0 21.00 202.00 223.00 OK
r-oldrel-macos-x86_64 1.3.0 OK
r-oldrel-windows-ix86+x86_64 1.3.0 21.00 207.00 228.00 OK

Check Details

Version: 1.3.0
Check: installed package size
Result: NOTE
     installed size is 5.0Mb
     sub-directories of 1Mb or more:
     data 1.1Mb
     doc 3.0Mb
Flavors: r-devel-linux-x86_64-fedora-clang, r-patched-solaris-x86

Version: 1.3.0
Check: whether package can be installed
Result: WARN
    Found the following significant warnings:
     WARNING: installation-time patches will not be applied, could not get the patches index
Flavor: r-devel-windows-x86_64-gcc10-UCRT

Version: 1.3.0
Check: PDF version of manual
Result: WARN
    LaTeX errors when creating PDF version.
    This typically indicates Rd problems.
Flavor: r-devel-windows-x86_64-gcc10-UCRT

Version: 1.3.0
Check: PDF version of manual without hyperrefs or index
Result: ERROR
    Re-running with no redirection of stdout/stderr.
Flavor: r-devel-windows-x86_64-gcc10-UCRT