CRAN Package Check Results for Package povcalnetR

Last updated on 2021-07-31 19:51:38 CEST.

Flavor Version Tinstall Tcheck Ttotal Status Flags
r-devel-linux-x86_64-debian-clang 0.1.1 2.90 35.93 38.83 OK
r-devel-linux-x86_64-debian-gcc 0.1.1 2.24 27.98 30.22 OK
r-devel-linux-x86_64-fedora-clang 0.1.1 57.34 NOTE
r-devel-linux-x86_64-fedora-gcc 0.1.1 47.10 NOTE
r-devel-windows-x86_64 0.1.1 6.00 56.00 62.00 OK
r-devel-windows-x86_64-gcc10-UCRT 0.1.1 NOTE
r-patched-linux-x86_64 0.1.1 OK
r-patched-solaris-x86 0.1.1 69.60 NOTE
r-release-linux-x86_64 0.1.1 2.56 34.39 36.95 OK
r-release-macos-arm64 0.1.1 NOTE
r-release-macos-x86_64 0.1.1 NOTE
r-release-windows-ix86+x86_64 0.1.1 8.00 56.00 64.00 OK
r-oldrel-macos-x86_64 0.1.1 NOTE
r-oldrel-windows-ix86+x86_64 0.1.1 6.00 55.00 61.00 OK

Check Details

Version: 0.1.1
Check: dependencies in R code
Result: NOTE
    Namespace in Imports field not imported from: ‘memoise’
     All declared Imports should be used.
Flavors: r-devel-linux-x86_64-fedora-clang, r-devel-linux-x86_64-fedora-gcc, r-devel-windows-x86_64-gcc10-UCRT, r-patched-solaris-x86, r-release-macos-arm64, r-release-macos-x86_64, r-oldrel-macos-x86_64