CRAN Package Check Results for Package postlightmercury

Last updated on 2022-01-22 00:48:34 CET.

Flavor Version Tinstall Tcheck Ttotal Status Flags
r-devel-linux-x86_64-debian-clang 1.2 1.77 29.42 31.19 NOTE
r-devel-linux-x86_64-debian-gcc 1.2 1.63 23.29 24.92 NOTE
r-devel-linux-x86_64-fedora-clang 1.2 39.65 NOTE
r-devel-linux-x86_64-fedora-gcc 1.2 28.63 NOTE
r-devel-windows-x86_64-new-UL 1.2 14.00 49.00 63.00 NOTE
r-devel-windows-x86_64-new-TK 1.2 NOTE
r-patched-linux-x86_64 1.2 1.76 28.51 30.27 NOTE
r-release-linux-x86_64 1.2 1.23 29.22 30.45 NOTE
r-release-macos-arm64 1.2 NOTE
r-release-macos-x86_64 1.2 NOTE
r-release-windows-ix86+x86_64 1.2 5.00 38.00 43.00 NOTE
r-oldrel-macos-x86_64 1.2 OK
r-oldrel-windows-ix86+x86_64 1.2 5.00 44.00 49.00 OK

Check Details

Version: 1.2
Check: LazyData
Result: NOTE
     'LazyData' is specified without a 'data' directory
Flavors: r-devel-linux-x86_64-debian-clang, r-devel-linux-x86_64-debian-gcc, r-devel-linux-x86_64-fedora-clang, r-devel-linux-x86_64-fedora-gcc, r-devel-windows-x86_64-new-UL, r-devel-windows-x86_64-new-TK, r-patched-linux-x86_64, r-release-linux-x86_64, r-release-macos-arm64, r-release-macos-x86_64, r-release-windows-ix86+x86_64