Last updated on 2022-08-19 21:51:04 CEST.
Flavor | Version | Tinstall | Tcheck | Ttotal | Status | Flags |
---|---|---|---|---|---|---|
r-devel-linux-x86_64-debian-clang | 2.9.3 | 35.63 | 264.75 | 300.38 | NOTE | |
r-devel-linux-x86_64-debian-gcc | 2.9.3 | 28.62 | 197.62 | 226.24 | NOTE | |
r-devel-linux-x86_64-fedora-clang | 2.9.3 | 368.92 | NOTE | |||
r-devel-linux-x86_64-fedora-gcc | 2.9.3 | 358.03 | NOTE | |||
r-devel-windows-x86_64 | 2.9.3 | 49.00 | 335.00 | 384.00 | NOTE | |
r-patched-linux-x86_64 | 2.9.3 | 43.72 | 238.45 | 282.17 | NOTE | |
r-release-linux-x86_64 | 2.9.3 | NOTE | ||||
r-release-macos-arm64 | 2.9.3 | 82.00 | OK | |||
r-release-macos-x86_64 | 2.9.3 | 172.00 | NOTE | |||
r-release-windows-x86_64 | 2.9.3 | 65.00 | 328.00 | 393.00 | OK | |
r-oldrel-macos-arm64 | 2.9.3 | 167.00 | OK | |||
r-oldrel-macos-x86_64 | 2.9.3 | 156.00 | OK | |||
r-oldrel-windows-ix86+x86_64 | 2.9.3 | 73.00 | 395.00 | 468.00 | OK |
Version: 2.9.3
Check: package dependencies
Result: NOTE
Package suggested but not available for checking: 'RClone'
Flavors: r-devel-linux-x86_64-debian-clang, r-devel-linux-x86_64-debian-gcc, r-devel-linux-x86_64-fedora-clang, r-devel-linux-x86_64-fedora-gcc, r-patched-linux-x86_64, r-release-linux-x86_64, r-release-macos-x86_64
Version: 2.9.3
Check: Rd files
Result: NOTE
checkRd: (-1) genetic_distance.Rd:106: Escaped LaTeX specials: \~
Flavors: r-devel-linux-x86_64-debian-clang, r-devel-linux-x86_64-debian-gcc, r-devel-linux-x86_64-fedora-clang, r-devel-linux-x86_64-fedora-gcc, r-devel-windows-x86_64