CRAN Package Check Results for Package pomcheckr

Last updated on 2021-07-30 19:50:20 CEST.

Flavor Version Tinstall Tcheck Ttotal Status Flags
r-devel-linux-x86_64-debian-clang 0.1.1 OK
r-devel-linux-x86_64-debian-gcc 0.1.1 2.03 29.53 31.56 OK
r-devel-linux-x86_64-fedora-clang 0.1.1 56.62 OK
r-devel-linux-x86_64-fedora-gcc 0.1.1 46.85 OK
r-devel-windows-x86_64 0.1.1 5.00 56.00 61.00 OK
r-devel-windows-x86_64-gcc10-UCRT 0.1.1 OK
r-patched-linux-x86_64 0.1.1 OK
r-patched-solaris-x86 0.1.1 71.10 OK
r-release-linux-x86_64 0.1.1 2.38 35.98 38.36 OK
r-release-macos-arm64 0.1.1 WARN
r-release-macos-x86_64 0.1.1 OK
r-release-windows-ix86+x86_64 0.1.1 6.00 55.00 61.00 OK
r-oldrel-macos-x86_64 0.1.1 OK
r-oldrel-windows-ix86+x86_64 0.1.1 6.00 57.00 63.00 OK

Check Details

Version: 0.1.1
Check: re-building of vignette outputs
Result: WARN
    Error(s) in re-building vignettes:
     ...
    --- re-building ‘ucla-example.Rmd’ using rmarkdown
    Warning in engine$weave(file, quiet = quiet, encoding = enc) :
     Pandoc (>= 1.12.3) not available. Falling back to R Markdown v1.
    Quitting from lines 59-64 (ucla-example.Rmd)
    Error: processing vignette 'ucla-example.Rmd' failed with diagnostics:
    polygon edge not found
    --- failed re-building ‘ucla-example.Rmd’
    
    SUMMARY: processing the following file failed:
     ‘ucla-example.Rmd’
    
    Error: Vignette re-building failed.
    Execution halted
Flavor: r-release-macos-arm64