CRAN Package Check Results for Package polyqtlR

Last updated on 2021-10-22 16:50:46 CEST.

Flavor Version Tinstall Tcheck Ttotal Status Flags
r-devel-linux-x86_64-debian-clang 0.0.6 33.54 116.27 149.81 OK
r-devel-linux-x86_64-debian-gcc 0.0.6 27.47 86.76 114.23 OK
r-devel-linux-x86_64-fedora-clang 0.0.6 215.74 NOTE
r-devel-linux-x86_64-fedora-gcc 0.0.6 203.75 OK
r-devel-windows-x86_64 0.0.6 54.00 167.00 221.00 NOTE
r-devel-windows-x86_64-gcc10-UCRT 0.0.6 ERROR
r-patched-linux-x86_64 0.0.6 35.23 111.32 146.55 OK
r-patched-solaris-x86 0.0.6 205.50 NOTE
r-release-linux-x86_64 0.0.6 33.66 111.51 145.17 OK
r-release-macos-arm64 0.0.6 NOTE
r-release-macos-x86_64 0.0.6 NOTE
r-release-windows-ix86+x86_64 0.0.6 69.00 187.00 256.00 NOTE
r-oldrel-macos-x86_64 0.0.6 NOTE
r-oldrel-windows-ix86+x86_64 0.0.6 88.00 214.00 302.00 NOTE

Check Details

Version: 0.0.6
Check: installed package size
Result: NOTE
     installed size is 5.8Mb
     sub-directories of 1Mb or more:
     data 2.6Mb
     doc 1.7Mb
Flavors: r-devel-linux-x86_64-fedora-clang, r-devel-windows-x86_64, r-patched-solaris-x86, r-release-macos-arm64, r-release-macos-x86_64, r-release-windows-ix86+x86_64, r-oldrel-macos-x86_64, r-oldrel-windows-ix86+x86_64

Version: 0.0.6
Check: package dependencies
Result: NOTE
    Packages suggested but not available for checking: 'igraph', 'polymapR'
Flavor: r-devel-windows-x86_64-gcc10-UCRT

Version: 0.0.6
Check: Rd cross-references
Result: NOTE
    Package unavailable to check Rd xrefs: 'igraph'
Flavor: r-devel-windows-x86_64-gcc10-UCRT

Version: 0.0.6
Check: examples
Result: ERROR
    Running examples in 'polyqtlR-Ex.R' failed
    The error most likely occurred in:
    
    > ### Name: thinmap
    > ### Title: Thin out map data
    > ### Aliases: thinmap
    >
    > ### ** Examples
    >
    > data("phased_maplist.4x","SNP_dosages.4x")
    > maplist_thin<-thinmap(maplist=phased_maplist.4x,dosage_matrix=SNP_dosages.4x)
    
    87 markers from a possible 93 on LG1 were included.
    
    89 markers from a possible 93 on LG2 were included.
    Error in loadNamespace(x) : there is no package called 'polymapR'
    Calls: thinmap ... loadNamespace -> withRestarts -> withOneRestart -> doWithOneRestart
    Execution halted
Flavor: r-devel-windows-x86_64-gcc10-UCRT

Version: 0.0.6
Check: re-building of vignette outputs
Result: WARN
    Error(s) in re-building vignettes:
    --- re-building 'polyqtlR_vignette.rmd' using rmarkdown
    Quitting from lines 176-178 (polyqtlR_vignette.rmd)
    Error: processing vignette 'polyqtlR_vignette.rmd' failed with diagnostics:
    there is no package called 'polymapR'
    --- failed re-building 'polyqtlR_vignette.rmd'
    
    SUMMARY: processing the following file failed:
     'polyqtlR_vignette.rmd'
    
    Error: Vignette re-building failed.
    Execution halted
Flavor: r-devel-windows-x86_64-gcc10-UCRT