CRAN Package Check Results for Package polynom

Last updated on 2021-06-20 09:50:00 CEST.

Flavor Version Tinstall Tcheck Ttotal Status Flags
r-devel-linux-x86_64-debian-clang 1.4-0 2.86 34.26 37.12 NOTE
r-devel-linux-x86_64-debian-gcc 1.4-0 2.14 27.19 29.33 NOTE
r-devel-linux-x86_64-fedora-clang 1.4-0 52.84 OK
r-devel-linux-x86_64-fedora-gcc 1.4-0 43.15 OK
r-devel-windows-x86_64 1.4-0 5.00 46.00 51.00 NOTE
r-devel-windows-x86_64-gcc10-UCRT 1.4-0 OK
r-patched-linux-x86_64 1.4-0 2.95 33.73 36.68 NOTE
r-patched-solaris-x86 1.4-0 54.60 OK
r-release-linux-x86_64 1.4-0 2.25 33.91 36.16 NOTE
r-release-macos-arm64 1.4-0 OK
r-release-macos-x86_64 1.4-0 OK
r-release-windows-ix86+x86_64 1.4-0 8.00 57.00 65.00 NOTE
r-oldrel-macos-x86_64 1.4-0 OK
r-oldrel-windows-ix86+x86_64 1.4-0 6.00 61.00 67.00 NOTE

Check Details

Version: 1.4-0
Check: package vignettes
Result: NOTE
    Package vignette with placeholder title 'Vignette Title':
     'polynomials.Rmd'
Flavors: r-devel-linux-x86_64-debian-clang, r-devel-linux-x86_64-debian-gcc, r-devel-windows-x86_64, r-patched-linux-x86_64, r-release-linux-x86_64, r-release-windows-ix86+x86_64, r-oldrel-windows-ix86+x86_64