CRAN Package Check Results for Package polyclip

Last updated on 2021-11-30 11:52:05 CET.

Flavor Version Tinstall Tcheck Ttotal Status Flags
r-devel-linux-x86_64-debian-clang 1.10-0 11.88 23.64 35.52 NOTE
r-devel-linux-x86_64-debian-gcc 1.10-0 8.70 18.72 27.42 NOTE
r-devel-linux-x86_64-fedora-clang 1.10-0 61.00 NOTE
r-devel-linux-x86_64-fedora-gcc 1.10-0 48.00 NOTE
r-devel-windows-x86_64-new-UL 1.10-0 20.00 64.00 84.00 NOTE
r-devel-windows-x86_64-new-TK 1.10-0 NOTE
r-devel-windows-x86_64-old 1.10-0 16.00 36.00 52.00 NOTE
r-patched-linux-x86_64 1.10-0 11.03 23.29 34.32 NOTE
r-patched-solaris-x86 1.10-0 67.30 NOTE
r-release-linux-x86_64 1.10-0 11.14 23.22 34.36 NOTE
r-release-macos-arm64 1.10-0 NOTE
r-release-macos-x86_64 1.10-0 NOTE
r-release-windows-ix86+x86_64 1.10-0 29.00 44.00 73.00 NOTE
r-oldrel-macos-x86_64 1.10-0 OK
r-oldrel-windows-ix86+x86_64 1.10-0 25.00 44.00 69.00 OK

Check Details

Version: 1.10-0
Check: LazyData
Result: NOTE
     'LazyData' is specified without a 'data' directory
Flavors: r-devel-linux-x86_64-debian-clang, r-devel-linux-x86_64-debian-gcc, r-devel-linux-x86_64-fedora-clang, r-devel-linux-x86_64-fedora-gcc, r-devel-windows-x86_64-new-UL, r-devel-windows-x86_64-new-TK, r-devel-windows-x86_64-old, r-patched-linux-x86_64, r-patched-solaris-x86, r-release-linux-x86_64, r-release-macos-arm64, r-release-macos-x86_64, r-release-windows-ix86+x86_64