CRAN Package Check Results for Package polmineR

Last updated on 2021-12-03 23:50:07 CET.

Flavor Version Tinstall Tcheck Ttotal Status Flags
r-devel-linux-x86_64-debian-clang 0.8.5 24.32 265.77 290.09 NOTE
r-devel-linux-x86_64-debian-gcc 0.8.5 17.82 175.41 193.23 NOTE
r-devel-linux-x86_64-fedora-clang 0.8.5 318.77 NOTE
r-devel-linux-x86_64-fedora-gcc 0.8.5 293.01 NOTE
r-devel-windows-x86_64-new-UL 0.8.5 59.00 367.00 426.00 NOTE
r-devel-windows-x86_64-new-TK 0.8.5 WARN
r-devel-windows-x86_64-old 0.8.5 35.00 242.00 277.00 NOTE
r-patched-linux-x86_64 0.8.5 21.95 223.67 245.62 NOTE
r-release-linux-x86_64 0.8.5 21.69 221.79 243.48 NOTE
r-release-macos-arm64 0.8.5 NOTE
r-release-macos-x86_64 0.8.5 NOTE
r-release-windows-ix86+x86_64 0.8.5 44.00 331.00 375.00 NOTE
r-oldrel-macos-x86_64 0.8.5 OK
r-oldrel-windows-ix86+x86_64 0.8.5 44.00 347.00 391.00 OK

Check Details

Version: 0.8.5
Check: LazyData
Result: NOTE
     'LazyData' is specified without a 'data' directory
Flavors: r-devel-linux-x86_64-debian-clang, r-devel-linux-x86_64-debian-gcc, r-devel-linux-x86_64-fedora-clang, r-devel-linux-x86_64-fedora-gcc, r-devel-windows-x86_64-new-UL, r-devel-windows-x86_64-new-TK, r-devel-windows-x86_64-old, r-patched-linux-x86_64, r-release-linux-x86_64, r-release-macos-arm64, r-release-macos-x86_64, r-release-windows-ix86+x86_64

Version: 0.8.5
Check: re-building of vignette outputs
Result: WARN
    Error(s) in re-building vignettes:
    --- re-building 'OpenCPU.Rmd' using rmarkdown
    --- finished re-building 'OpenCPU.Rmd'
    
    --- re-building 'vignette.Rmd' using rmarkdown
    ... activating corpus: GERMAPARLMINI (version: 0.0.1 | build date: 2019-02-23)
    ... activating corpus: REUTERS
    Quitting from lines 123-124 (vignette.Rmd)
    Error: processing vignette 'vignette.Rmd' failed with diagnostics:
    invalid UTF-8 byte sequence detected; try calling stri_enc_toutf8()
    --- failed re-building 'vignette.Rmd'
    
    SUMMARY: processing the following file failed:
     'vignette.Rmd'
    
    Error: Vignette re-building failed.
    Execution halted
Flavor: r-devel-windows-x86_64-new-TK

Version: 0.8.5
Check: installed package size
Result: NOTE
     installed size is 5.2Mb
     sub-directories of 1Mb or more:
     R 2.1Mb
     extdata 1.9Mb
Flavor: r-release-macos-arm64