CRAN Package Check Results for Package polmineR

Last updated on 2021-09-17 04:49:28 CEST.

Flavor Version Tinstall Tcheck Ttotal Status Flags
r-devel-linux-x86_64-debian-clang 0.8.5 25.53 269.16 294.69 NOTE
r-devel-linux-x86_64-debian-gcc 0.8.5 20.07 177.85 197.92 NOTE
r-devel-linux-x86_64-fedora-clang 0.8.5 320.19 NOTE
r-devel-linux-x86_64-fedora-gcc 0.8.5 312.67 NOTE
r-devel-windows-x86_64 0.8.5 24.00 337.00 361.00 NOTE
r-devel-windows-x86_64-gcc10-UCRT 0.8.5 NOTE
r-patched-linux-x86_64 0.8.5 23.04 226.52 249.56 NOTE
r-patched-solaris-x86 0.8.5 369.40 NOTE
r-release-linux-x86_64 0.8.5 20.17 222.10 242.27 NOTE
r-release-macos-arm64 0.8.5 NOTE
r-release-macos-x86_64 0.8.5 NOTE
r-release-windows-ix86+x86_64 0.8.5 45.00 256.00 301.00 NOTE
r-oldrel-macos-x86_64 0.8.5 OK
r-oldrel-windows-ix86+x86_64 0.8.5 30.00 352.00 382.00 OK

Check Details

Version: 0.8.5
Check: LazyData
Result: NOTE
     'LazyData' is specified without a 'data' directory
Flavors: r-devel-linux-x86_64-debian-clang, r-devel-linux-x86_64-debian-gcc, r-devel-linux-x86_64-fedora-clang, r-devel-linux-x86_64-fedora-gcc, r-devel-windows-x86_64, r-devel-windows-x86_64-gcc10-UCRT, r-patched-linux-x86_64, r-patched-solaris-x86, r-release-linux-x86_64, r-release-macos-arm64, r-release-macos-x86_64, r-release-windows-ix86+x86_64

Version: 0.8.5
Check: installed package size
Result: NOTE
     installed size is 5.2Mb
     sub-directories of 1Mb or more:
     R 2.1Mb
     extdata 1.9Mb
Flavor: r-release-macos-arm64