CRAN Package Check Results for Package pollster

Last updated on 2021-08-01 19:51:39 CEST.

Flavor Version Tinstall Tcheck Ttotal Status Flags
r-devel-linux-x86_64-debian-clang 0.1.3 6.55 70.44 76.99 OK
r-devel-linux-x86_64-debian-gcc 0.1.3 5.10 52.03 57.13 OK
r-devel-linux-x86_64-fedora-clang 0.1.3 99.37 OK
r-devel-linux-x86_64-fedora-gcc 0.1.3 87.82 OK
r-devel-windows-x86_64 0.1.3 18.00 88.00 106.00 OK
r-devel-windows-x86_64-gcc10-UCRT 0.1.3 OK
r-patched-linux-x86_64 0.1.3 OK
r-patched-solaris-x86 0.1.3 131.20 OK
r-release-linux-x86_64 0.1.3 6.32 65.25 71.57 OK
r-release-macos-arm64 0.1.3 WARN
r-release-macos-x86_64 0.1.3 OK
r-release-windows-ix86+x86_64 0.1.3 14.00 89.00 103.00 OK
r-oldrel-macos-x86_64 0.1.3 OK
r-oldrel-windows-ix86+x86_64 0.1.3 11.00 90.00 101.00 OK

Check Details

Version: 0.1.3
Check: re-building of vignette outputs
Result: WARN
    Error(s) in re-building vignettes:
    --- re-building ‘crosstab3way.Rmd’ using rmarkdown
    Warning in engine$weave(file, quiet = quiet, encoding = enc) :
     Pandoc (>= 1.12.3) not available. Falling back to R Markdown v1.
    Quitting from lines 41-54 (crosstab3way.Rmd)
    Error: processing vignette 'crosstab3way.Rmd' failed with diagnostics:
    polygon edge not found
    --- failed re-building ‘crosstab3way.Rmd’
    
    --- re-building ‘crosstabs.Rmd’ using rmarkdown
    Warning in engine$weave(file, quiet = quiet, encoding = enc) :
     Pandoc (>= 1.12.3) not available. Falling back to R Markdown v1.
    Quitting from lines 52-56 (crosstabs.Rmd)
    Error: processing vignette 'crosstabs.Rmd' failed with diagnostics:
    polygon edge not found
    --- failed re-building ‘crosstabs.Rmd’
    
    --- re-building ‘toplines.Rmd’ using rmarkdown
    Warning in engine$weave(file, quiet = quiet, encoding = enc) :
     Pandoc (>= 1.12.3) not available. Falling back to R Markdown v1.
    Quitting from lines 45-48 (toplines.Rmd)
    Error: processing vignette 'toplines.Rmd' failed with diagnostics:
    polygon edge not found
    --- failed re-building ‘toplines.Rmd’
    
    SUMMARY: processing the following files failed:
     ‘crosstab3way.Rmd’ ‘crosstabs.Rmd’ ‘toplines.Rmd’
    
    Error: Vignette re-building failed.
    Execution halted
Flavor: r-release-macos-arm64